{"text_format":"1","workbook":"xlsx","n_sheets":11,"sheets":["DATA","LIST","IO 1","IO 2","Безопасность","Конструкция Буера","Правила","Право дороги","Управление","Навигация","Практика"],"not_rendered":{"charts":0,"images":16,"macros":1,"external_links":0,"defined_names":1,"comments":1,"pivot_tables":0},"unopened":[],"bounds":{"document_bytes":16777216,"sheet_cells":100000,"rows_first":2000,"rows_last":500,"rows_between":2000,"halvings":0,"cell_chars":16384,"cell_head_chars":4096},"cells_cut":0,"cells_raw":0,"read":"whole","date_system":"1900"}

{"sheet":"DATA","index":0,"n_rows":13453,"n_cols":19,"rows_kept":13453,"cut":false,"hidden":false,"merged":[]}
[]
[]
[]
[]
[]
[]
[]
[null,"Печатать один билет",14114,"ввести номер из колонки A"]
[]
[]
[]
[]
[null,null,null,null,null,null,null,null,null,null,null,null,"Адрес","свид о рождении, паспорт"]
[14846,"ICE YACHT PILOT IO","Орлов"," Семён"," Михайлович","Orlov Semeon","2013-11-22","MOSCOW",null,"Россия / RUS","Квалификационная Комиссия ВФПС","Детска Парусная школа МореСолька, санаторна 6а, г.Москва ",null,null,"Детска Парусная школа МореСолька","2010/2025 КВ от 07.01.2025",2023]
[14847,"ICE YACHT PILOT IO"," Анащенко","Иван","Павлович ","Anashchenko Ivan","2015-04-03","MOSCOW",null,"Россия / RUS","Квалификационная Комиссия ВФПС","Детска Парусная школа МореСолька, санаторна 6а, г.Москва ",null,null,"Детска Парусная школа МореСолька","2010/2025 КВ от 07.01.2025",2023]
[14848,"ICE YACHT PILOT IO","Ушаков"," Святослав ","Валерьевич","Ushakov Svyatoslav","2013-05-29","MOSCOW",null,"Россия / RUS","Квалификационная Комиссия ВФПС","Детска Парусная школа МореСолька, санаторна 6а, г.Москва ",null,null,"Детска Парусная школа МореСолька","2010/2025 КВ от 07.01.2025",2023]
[14849,"ICE YACHT PILOT IO","Тюкавкин","Михаил","Максимович ","Tyukavkin Mikhail","2011-02-08","MOSCOW",null,"Россия / RUS","Квалификационная Комиссия ВФПС","Детска Парусная школа МореСолька, санаторна 6а, г.Москва ",null,null,"Детска Парусная школа МореСолька","2010/2025 КВ от 07.01.2025",2023]
[14850,"ICE YACHT PILOT IO","Новиков ","Тимофей ","Никитич ","Novikov Timofey","2011-11-02","MOSCOW",null,"Россия / RUS","Квалификационная Комиссия ВФПС","Детска Парусная школа МореСолька, санаторна 6а, г.Москва ",null,null,"Детска Парусная школа МореСолька","2010/2025 КВ от 07.01.2025",2023]
[14851,"ICE YACHT PILOT IO","Гришкин"," Ростислав ","Игоревич","Grishkin Rostislav","2015-03-29","MOSCOW",null,"Россия / RUS","Квалификационная Комиссия ВФПС","Детска Парусная школа МореСолька, санаторна 6а, г.Москва ",null,null,"Детска Парусная школа МореСолька","2010/2025 КВ от 07.01.2025",2023]
[14852,"ICE YACHT PILOT IO","Тетушкин ","Роман","Тимофеевич","Tetushkin Roman","2012-09-03","MOSCOW",null,"Россия / RUS","Квалификационная Комиссия ВФПС","Детска Парусная школа МореСолька, санаторна 6а, г.Москва ",null,null,"Детска Парусная школа МореСолька","2010/2025 КВ от 07.01.2025",2023]
[]
[]
[]
[]
[]
[]
[]
[]
[]
[]
[]
[]
[]
[]
[]
[]
[]
[]
[]
[]
[]
[]
[]
[]
[]
[]
[]
[]
[]
[]
[]
[]
[]
[]
[]
[]
[]
[]
[]
[]
[]
[]
[]
[]
[]
[]
[]
[]
[]
[]
[]
[]
[]
[]
[]
[]
[]
[]
[]
[]
[]
[]
[]
[]
[]
[]
[]
[]
[]
[]
[]
[]
[]
[]
[]
[]
[]
[]
[]
[]
[]
[]
[]
[]
[]
[]
[]
[]
[]
[]
[]
[]
[]
[]
[]
[]
[]
[]
[]
[]
[]
[]
[]
[]
[]
[]
[]
[]
[]
[]
[]
[]
[]
[]
[]
[]
[]
[]
[]
[]
[]
[]
[]
[]
[]
[]
[]
[]
[]
[]
[]
[]
[]
[]
[]
[]
[]
[]
[]
[]
[]
[]
[]
[]
[]
[]
[]
[]
[]
[]
[]
[]
[]
[]
[]
[]
[]
[]
[]
[]
[]
[]
[]
[]
[]
[]
[]
[]
[]
[]
[]
[]
[]
[]
[]
[]
[]
[]
[]
[]
[]
[]
[]
[]
[]
[]
[]
[]
[]
[]
[]
[]
[]
[]
[]
[]
[]
[]
[]
[]
[]
[]
[]
[]
[]
[]
[]
[]
[]
[]
[]
[]
[]
[]
[]
[]
[]
[]
[]
[]
[]
[]
[]
[]
[]
[]
[]
[]
[]
[]
[]
[]
[]
[]
[]
[]
[]
[]
[]
[]
[]
[]
[]
[]
[]
[]
[]
[]
[]
[]
[]
[]
[]
[]
[]
[]
[]
[]
[]
[]
[]
[]
[]
[]
[]
[]
[]
[]
[]
[]
[]
[]
[]
[]
[]
[]
[]
[]
[]
[]
[]
[]
[]
[]
[]
[]
[]
[]
[]
[]
[]
[]
[]
[]
[]
[]
[]
[]
[]
[]
[]
[]
[]
[]
[]
[]
[]
[]
[]
[]
[]
[]
[]
[]
[]
[]
[]
[]
[]
[]
[]
[]
[]
[]
[]
[]
[]
[]
[]
[]
[]
[]
[]
[]
[]
[]
[]
[]
[]
[]
[]
[]
[]
[]
[]
[]
[]
[]
[]
[]
[]
[]
[]
[]
[]
[]
[]
[]
[]
[]
[]
[]
[]
[]
[]
[]
[]
[]
[]
[]
[]
[]
[]
[]
[]
[]
[]
[]
[]
[]
[]
[]
[]
[]
[]
[]
[]
[]
[]
[]
[]
[]
[]
[]
[]
[]
[]
[]
[]
[]
[]
[]
[]
[]
[]
[]
[]
[]
[]
[]
[]
[]
[]
[]
[]
[]
[]
[]
[]
[]
[]
[]
[]
[]
[]
[]
[]
[]
[]
[]
[]
[]
[]
[]
[]
[]
[]
[]
[]
[]
[]
[]
[]
[]
[]
[]
[]
[]
[]
[]
[]
[]
[]
[]
[]
[]
[]
[]
[]
[]
[]
[]
[]
[]
[]
[]
[]
[]
[]
[]
[]
[]
[]
[]
[]
[]
[]
[]
[]
[]
[]
[]
[]
[]
[]
[]
[]
[]
[]
[]
[]
[]
[]
[]
[]
[]
[]
[]
[]
[]
[]
[]
[]
[]
[]
[]
[]
[]
[]
[]
[]
[]
[]
[]
[]
[]
[]
[]
[]
[]
[]
[]
[]
[]
[]
[]
[]
[]
[]
[]
[]
[]
[]
[]
[]
[]
[]
[]
[]
[]
[]
[]
[]
[]
[]
[]
[]
[]
[]
[]
[]
[]
[]
[]
[]
[]
[]
[]
[]
[]
[]
[]
[]
[]
[]
[]
[]
[]
[]
[]
[]
[]
[]
[]
[]
[]
[]
[]
[]
[]
[]
[]
[]
[]
[]
[]
[]
[]
[]
[]
[]
[]
[]
[]
[]
[]
[]
[]
[]
[]
[]
[]
[]
[]
[]
[]
[]
[]
[]
[]
[]
[]
[]
[]
[]
[]
[]
[]
[]
[]
[]
[]
[]
[]
[]
[]
[]
[]
[]
[]
[]
[]
[]
[]
[]
[]
[]
[]
[]
[]
[]
[]
[]
[]
[]
[]
[]
[]
[]
[]
[]
[]
[]
[]
[]
[]
[]
[]
[]
[]
[]
[]
[]
[]
[]
[]
[]
[]
[]
[]
[]
[]
[]
[]
[]
[]
[]
[]
[]
[]
[]
[]
[]
[]
[]
[]
[]
[]
[]
[]
[]
[]
[]
[]
[]
[]
[]
[]
[]
[]
[]
[]
[]
[]
[]
[]
[]
[]
[]
[]
[]
[]
[]
[]
[]
[]
[]
[]
[]
[]
[]
[]
[]
[]
[]
[]
[]
[]
[]
[]
[]
[]
[]
[]
[]
[]
[]
[]
[]
[]
[]
[]
[]
[]
[]
[]
[]
[]
[]
[]
[]
[]
[]
[]
[]
[]
[]
[]
[]
[]
[]
[]
[]
[]
[]
[]
[]
[]
[]
[]
[]
[]
[]
[]
[]
[]
[]
[]
[]
[]
[]
[]
[]
[]
[]
[]
[]
[]
[]
[]
[]
[]
[]
[]
[]
[]
[]
[]
[]
[]
[]
[]
[]
[]
[]
[]
[]
[]
[]
[]
[]
[]
[]
[]
[]
[]
[]
[]
[]
[]
[]
[]
[]
[]
[]
[]
[]
[]
[]
[]
[]
[]
[]
[]
[]
[]
[]
[]
[]
[]
[]
[]
[]
[]
[]
[]
[]
[]
[]
[]
[]
[]
[]
[]
[]
[]
[]
[]
[]
[]
[]
[]
[]
[]
[]
[]
[]
[]
[]
[]
[]
[]
[]
[]
[]
[]
[]
[]
[]
[]
[]
[]
[]
[]
[]
[]
[]
[]
[]
[]
[]
[]
[]
[]
[]
[]
[]
[]
[]
[]
[]
[]
[]
[]
[]
[]
[]
[]
[]
[]
[]
[]
[]
[]
[]
[]
[]
[]
[]
[]
[]
[]
[]
[]
[]
[]
[]
[]
[]
[]
[]
[]
[]
[]
[]
[]
[]
[]
[]
[]
[]
[]
[]
[]
[]
[]
[]
[]
[]
[]
[]
[]
[]
[]
[]
[]
[]
[]
[]
[]
[]
[]
[]
[]
[]
[]
[]
[]
[]
[]
[]
[]
[]
[]
[]
[]
[]
[]
[]
[]
[]
[]
[]
[]
[]
[]
[]
[]
[]
[]
[]
[]
[]
[]
[]
[]
[]
[]
[]
[]
[]
[]
[]
[]
[]
[]
[]
[]
[]
[]
[]
[]
[]
[]
[]
[]
[]
[]
[]
[]
[]
[]
[]
[]
[]
[]
[]
[]
[]
[]
[]
[]
[]
[]
[]
[]
[]
[]
[]
[]
[]
[]
[]
[]
[]
[]
[]
[]
[]
[]
[]
[]
[]
[]
[]
[]
[]
[]
[]
[]
[]
[]
[]
[]
[]
[]
[]
[]
[]
[]
[]
[]
[]
[]
[]
[]
[]
[]
[]
[]
[]
[]
[]
[]
[]
[]
[]
[]
[]
[]
[]
[]
[]
[]
[]
[]
[]
[]
[]
[]
[]
[]
[]
[]
[]
[]
[]
[]
[]
[]
[]
[]
[]
[]
[]
[]
[]
[]
[]
[]
[]
[]
[]
[]
[]
[]
[]
[]
[]
[]
[]
[]
[]
[]
[]
[]
[]
[]
[]
[]
[]
[]
[]
[]
[]
[]
[]
[]
[]
[]
[]
[]
[]
[]
[]
[]
[]
[]
[]
[]
[]
[]
[]
[]
[]
[]
[]
[]
[]
[]
[]
[]
[]
[]
[]
[]
[]
[]
[]
[]
[]
[]
[]
[]
[]
[]
[]
[]
[]
[]
[]
[]
[]
[]
[]
[]
[]
[]
[]
[]
[]
[]
[]
[]
[]
[]
[]
[]
[]
[]
[]
[]
[]
[]
[]
[]
[]
[]
[]
[]
[]
[]
[]
[]
[]
[]
[]
[]
[]
[]
[]
[]
[]
[]
[]
[]
[]
[]
[]
[]
[]
[]
[]
[]
[]
[]
[]
[]
[]
[]
[]
[]
[]
[]
[]
[]
[]
[]
[]
[]
[]
[]
[]
[]
[]
[]
[]
[]
[]
[]
[]
[]
[]
[]
[]
[]
[]
[]
[]
[]
[]
[]
[]
[]
[]
[]
[]
[]
[]
[]
[]
[]
[]
[]
[]
[]
[]
[]
[]
[]
[]
[]
[]
[]
[]
[]
[]
[]
[]
[]
[]
[]
[]
[]
[]
[]
[]
[]
[]
[]
[]
[]
[]
[]
[]
[]
[]
[]
[]
[]
[]
[]
[]
[]
[]
[]
[]
[]
[]
[]
[]
[]
[]
[]
[]
[]
[]
[]
[]
[]
[]
[]
[]
[]
[]
[]
[]
[]
[]
[]
[]
[]
[]
[]
[]
[]
[]
[]
[]
[]
[]
[]
[]
[]
[]
[]
[]
[]
[]
[]
[]
[]
[]
[]
[]
[]
[]
[]
[]
[]
[]
[]
[]
[]
[]
[]
[]
[]
[]
[]
[]
[]
[]
[]
[]
[]
[]
[]
[]
[]
[]
[]
[]
[]
[]
[]
[]
[]
[]
[]
[]
[]
[]
[]
[]
[]
[]
[]
[]
[]
[]
[]
[]
[]
[]
[]
[]
[]
[]
[]
[]
[]
[]
[]
[]
[]
[]
[]
[]
[]
[]
[]
[]
[]
[]
[]
[]
[]
[]
[]
[]
[]
[]
[]
[]
[]
[]
[]
[]
[]
[]
[]
[]
[]
[]
[]
[]
[]
[]
[]
[]
[]
[]
[]
[]
[]
[]
[]
[]
[]
[]
[]
[]
[]
[]
[]
[]
[]
[]
[]
[]
[]
[]
[]
[]
[]
[]
[]
[]
[]
[]
[]
[]
[]
[]
[]
[]
[]
[]
[]
[]
[]
[]
[]
[]
[]
[]
[]
[]
[]
[]
[]
[]
[]
[]
[]
[]
[]
[]
[]
[]
[]
[]
[]
[]
[]
[]
[]
[]
[]
[]
[]
[]
[]
[]
[]
[]
[]
[]
[]
[]
[]
[]
[]
[]
[]
[]
[]
[]
[]
[]
[]
[]
[]
[]
[]
[]
[]
[]
[]
[]
[]
[]
[]
[]
[]
[]
[]
[]
[]
[]
[]
[]
[]
[]
[]
[]
[]
[]
[]
[]
[]
[]
[]
[]
[]
[]
[]
[]
[]
[]
[]
[]
[]
[]
[]
[]
[]
[]
[]
[]
[]
[]
[]
[]
[]
[]
[]
[]
[]
[]
[]
[]
[]
[]
[]
[]
[]
[]
[]
[]
[]
[]
[]
[]
[]
[]
[]
[]
[]
[]
[]
[]
[]
[]
[]
[]
[]
[]
[]
[]
[]
[]
[]
[]
[]
[]
[]
[]
[]
[]
[]
[]
[]
[]
[]
[]
[]
[]
[]
[]
[]
[]
[]
[]
[]
[]
[]
[]
[]
[]
[]
[]
[]
[]
[]
[]
[]
[]
[]
[]
[]
[]
[]
[]
[]
[]
[]
[]
[]
[]
[]
[]
[]
[]
[]
[]
[]
[]
[]
[]
[]
[]
[]
[]
[]
[]
[]
[]
[]
[]
[]
[]
[]
[]
[]
[]
[]
[]
[]
[]
[]
[]
[]
[]
[]
[]
[]
[]
[]
[]
[]
[]
[]
[]
[]
[]
[]
[]
[]
[]
[]
[]
[]
[]
[]
[]
[]
[]
[]
[]
[]
[]
[]
[]
[]
[]
[]
[]
[]
[]
[]
[]
[]
[]
[]
[]
[]
[]
[]
[]
[]
[]
[]
[]
[]
[]
[]
[]
[]
[]
[]
[]
[]
[]
[]
[]
[]
[]
[]
[]
[]
[]
[]
[]
[]
[]
[]
[]
[]
[]
[]
[]
[]
[]
[]
[]
[]
[]
[]
[]
[]
[]
[]
[]
[]
[]
[]
[]
[]
[]
[]
[]
[]
[]
[]
[]
[]
[]
[]
[]
[]
[]
[]
[]
[]
[]
[]
[]
[]
[]
[]
[]
[]
[]
[]
[]
[]
[]
[]
[]
[]
[]
[]
[]
[]
[]
[]
[]
[]
[]
[]
[]
[]
[]
[]
[]
[]
[]
[]
[]
[]
[]
[]
[]
[]
[]
[]
[]
[]
[]
[]
[]
[]
[]
[]
[]
[]
[]
[]
[]
[]
[]
[]
[]
[]
[]
[]
[]
[]
[]
[]
[]
[]
[]
[]
[]
[]
[]
[]
[]
[]
[]
[]
[]
[]
[]
[]
[]
[]
[]
[]
[]
[]
[]
[]
[]
[]
[]
[]
[]
[]
[]
[]
[]
[]
[]
[]
[]
[]
[]
[]
[]
[]
[]
[]
[]
[]
[]
[]
[]
[]
[]
[]
[]
[]
[]
[]
[]
[]
[]
[]
[]
[]
[]
[]
[]
[]
[]
[]
[]
[]
[]
[]
[]
[]
[]
[]
[]
[]
[]
[]
[]
[]
[]
[]
[]
[]
[]
[]
[]
[]
[]
[]
[]
[]
[]
[]
[]
[]
[]
[]
[]
[]
[]
[]
[]
[]
[]
[]
[]
[]
[]
[]
[]
[]
[]
[]
[]
[]
[]
[]
[]
[]
[]
[]
[]
[]
[]
[]
[]
[]
[]
[]
[]
[]
[]
[]
[]
[]
[]
[]
[]
[]
[]
[]
[]
[]
[]
[]
[]
[]
[]
[]
[]
[]
[]
[]
[]
[]
[]
[]
[]
[]
[]
[]
[]
[]
[]
[]
[]
[]
[]
[]
[]
[]
[]
[]
[]
[]
[]
[]
[]
[]
[]
[]
[]
[]
[]
[]
[]
[]
[]
[]
[]
[]
[]
[]
[]
[]
[]
[]
[]
[]
[]
[]
[]
[]
[]
[]
[]
[]
[]
[]
[]
[]
[]
[]
[]
[]
[]
[]
[]
[]
[]
[]
[]
[]
[]
[]
[]
[]
[]
[]
[]
[]
[]
[]
[]
[]
[]
[]
[]
[]
[]
[]
[]
[]
[]
[]
[]
[]
[]
[]
[]
[]
[]
[]
[]
[]
[]
[]
[]
[]
[]
[]
[]
[]
[]
[]
[]
[]
[]
[]
[]
[]
[]
[]
[]
[]
[]
[]
[]
[]
[]
[]
[]
[]
[]
[]
[]
[]
[]
[]
[]
[]
[]
[]
[]
[]
[]
[]
[]
[]
[]
[]
[]
[]
[]
[]
[]
[]
[]
[]
[]
[]
[]
[]
[]
[]
[]
[]
[]
[]
[]
[]
[]
[]
[]
[]
[]
[]
[]
[]
[]
[]
[]
[]
[]
[]
[]
[]
[]
[]
[]
[]
[]
[]
[]
[]
[]
[]
[]
[]
[]
[]
[]
[]
[]
[]
[]
[]
[]
[]
[]
[]
[]
[]
[]
[]
[]
[]
[]
[]
[]
[]
[]
[]
[]
[]
[]
[]
[]
[]
[]
[]
[]
[]
[]
[]
[]
[]
[]
[]
[]
[]
[]
[]
[]
[]
[]
[]
[]
[]
[]
[]
[]
[]
[]
[]
[]
[]
[]
[]
[]
[]
[]
[]
[]
[]
[]
[]
[]
[]
[]
[]
[]
[]
[]
[]
[]
[]
[]
[]
[]
[]
[]
[]
[]
[]
[]
[]
[]
[]
[]
[]
[]
[]
[]
[]
[]
[]
[]
[]
[]
[]
[]
[]
[]
[]
[]
[]
[]
[]
[]
[]
[]
[]
[]
[]
[]
[]
[]
[]
[]
[]
[]
[]
[]
[]
[]
[]
[]
[]
[]
[]
[]
[]
[]
[]
[]
[]
[]
[]
[]
[]
[]
[]
[]
[]
[]
[]
[]
[]
[]
[]
[]
[]
[]
[]
[]
[]
[]
[]
[]
[]
[]
[]
[]
[]
[]
[]
[]
[]
[]
[]
[]
[]
[]
[]
[]
[]
[]
[]
[]
[]
[]
[]
[]
[]
[]
[]
[]
[]
[]
[]
[]
[]
[]
[]
[]
[]
[]
[]
[]
[]
[]
[]
[]
[]
[]
[]
[]
[]
[]
[]
[]
[]
[]
[]
[]
[]
[]
[]
[]
[]
[]
[]
[]
[]
[]
[]
[]
[]
[]
[]
[]
[]
[]
[]
[]
[]
[]
[]
[]
[]
[]
[]
[]
[]
[]
[]
[]
[]
[]
[]
[]
[]
[]
[]
[]
[]
[]
[]
[]
[]
[]
[]
[]
[]
[]
[]
[]
[]
[]
[]
[]
[]
[]
[]
[]
[]
[]
[]
[]
[]
[]
[]
[]
[]
[]
[]
[]
[]
[]
[]
[]
[]
[]
[]
[]
[]
[]
[]
[]
[]
[]
[]
[]
[]
[]
[]
[]
[]
[]
[]
[]
[]
[]
[]
[]
[]
[]
[]
[]
[]
[]
[]
[]
[]
[]
[]
[]
[]
[]
[]
[]
[]
[]
[]
[]
[]
[]
[]
[]
[]
[]
[]
[]
[]
[]
[]
[]
[]
[]
[]
[]
[]
[]
[]
[]
[]
[]
[]
[]
[]
[]
[]
[]
[]
[]
[]
[]
[]
[]
[]
[]
[]
[]
[]
[]
[]
[]
[]
[]
[]
[]
[]
[]
[]
[]
[]
[]
[]
[]
[]
[]
[]
[]
[]
[]
[]
[]
[]
[]
[]
[]
[]
[]
[]
[]
[]
[]
[]
[]
[]
[]
[]
[]
[]
[]
[]
[]
[]
[]
[]
[]
[]
[]
[]
[]
[]
[]
[]
[]
[]
[]
[]
[]
[]
[]
[]
[]
[]
[]
[]
[]
[]
[]
[]
[]
[]
[]
[]
[]
[]
[]
[]
[]
[]
[]
[]
[]
[]
[]
[]
[]
[]
[]
[]
[]
[]
[]
[]
[]
[]
[]
[]
[]
[]
[]
[]
[]
[]
[]
[]
[]
[]
[]
[]
[]
[]
[]
[]
[]
[]
[]
[]
[]
[]
[]
[]
[]
[]
[]
[]
[]
[]
[]
[]
[]
[]
[]
[]
[]
[]
[]
[]
[]
[]
[]
[]
[]
[]
[]
[]
[]
[]
[]
[]
[]
[]
[]
[]
[]
[]
[]
[]
[]
[]
[]
[]
[]
[]
[]
[]
[]
[]
[]
[]
[]
[]
[]
[]
[]
[]
[]
[]
[]
[]
[]
[]
[]
[]
[]
[]
[]
[]
[]
[]
[]
[]
[]
[]
[]
[]
[]
[]
[]
[]
[]
[]
[]
[]
[]
[]
[]
[]
[]
[]
[]
[]
[]
[]
[]
[]
[]
[]
[]
[]
[]
[]
[]
[]
[]
[]
[]
[]
[]
[]
[]
[]
[]
[]
[]
[]
[]
[]
[]
[]
[]
[]
[]
[]
[]
[]
[]
[]
[]
[]
[]
[]
[]
[]
[]
[]
[]
[]
[]
[]
[]
[]
[]
[]
[]
[]
[]
[]
[]
[]
[]
[]
[]
[]
[]
[]
[]
[]
[]
[]
[]
[]
[]
[]
[]
[]
[]
[]
[]
[]
[]
[]
[]
[]
[]
[]
[]
[]
[]
[]
[]
[]
[]
[]
[]
[]
[]
[]
[]
[]
[]
[]
[]
[]
[]
[]
[]
[]
[]
[]
[]
[]
[]
[]
[]
[]
[]
[]
[]
[]
[]
[]
[]
[]
[]
[]
[]
[]
[]
[]
[]
[]
[]
[]
[]
[]
[]
[]
[]
[]
[]
[]
[]
[]
[]
[]
[]
[]
[]
[]
[]
[]
[]
[]
[]
[]
[]
[]
[]
[]
[]
[]
[]
[]
[]
[]
[]
[]
[]
[]
[]
[]
[]
[]
[]
[]
[]
[]
[]
[]
[]
[]
[]
[]
[]
[]
[]
[]
[]
[]
[]
[]
[]
[]
[]
[]
[]
[]
[]
[]
[]
[]
[]
[]
[]
[]
[]
[]
[]
[]
[]
[]
[]
[]
[]
[]
[]
[]
[]
[]
[]
[]
[]
[]
[]
[]
[]
[]
[]
[]
[]
[]
[]
[]
[]
[]
[]
[]
[]
[]
[]
[]
[]
[]
[]
[]
[]
[]
[]
[]
[]
[]
[]
[]
[]
[]
[]
[]
[]
[]
[]
[]
[]
[]
[]
[]
[]
[]
[]
[]
[]
[]
[]
[]
[]
[]
[]
[]
[]
[]
[]
[]
[]
[]
[]
[]
[]
[]
[]
[]
[]
[]
[]
[]
[]
[]
[]
[]
[]
[]
[]
[]
[]
[]
[]
[]
[]
[]
[]
[]
[]
[]
[]
[]
[]
[]
[]
[]
[]
[]
[]
[]
[]
[]
[]
[]
[]
[]
[]
[]
[]
[]
[]
[]
[]
[]
[]
[]
[]
[]
[]
[]
[]
[]
[]
[]
[]
[]
[]
[]
[]
[]
[]
[]
[]
[]
[]
[]
[]
[]
[]
[]
[]
[]
[]
[]
[]
[]
[]
[]
[]
[]
[]
[]
[]
[]
[]
[]
[]
[]
[]
[]
[]
[]
[]
[]
[]
[]
[]
[]
[]
[]
[]
[]
[]
[]
[]
[]
[]
[]
[]
[]
[]
[]
[]
[]
[]
[]
[]
[]
[]
[]
[]
[]
[]
[]
[]
[]
[]
[]
[]
[]
[]
[]
[]
[]
[]
[]
[]
[]
[]
[]
[]
[]
[]
[]
[]
[]
[]
[]
[]
[]
[]
[]
[]
[]
[]
[]
[]
[]
[]
[]
[]
[]
[]
[]
[]
[]
[]
[]
[]
[]
[]
[]
[]
[]
[]
[]
[]
[]
[]
[]
[]
[]
[]
[]
[]
[]
[]
[]
[]
[]
[]
[]
[]
[]
[]
[]
[]
[]
[]
[]
[]
[]
[]
[]
[]
[]
[]
[]
[]
[]
[]
[]
[]
[]
[]
[]
[]
[]
[]
[]
[]
[]
[]
[]
[]
[]
[]
[]
[]
[]
[]
[]
[]
[]
[]
[]
[]
[]
[]
[]
[]
[]
[]
[]
[]
[]
[]
[]
[]
[]
[]
[]
[]
[]
[]
[]
[]
[]
[]
[]
[]
[]
[]
[]
[]
[]
[]
[]
[]
[]
[]
[]
[]
[]
[]
[]
[]
[]
[]
[]
[]
[]
[]
[]
[]
[]
[]
[]
[]
[]
[]
[]
[]
[]
[]
[]
[]
[]
[]
[]
[]
[]
[]
[]
[]
[]
[]
[]
[]
[]
[]
[]
[]
[]
[]
[]
[]
[]
[]
[]
[]
[]
[]
[]
[]
[]
[]
[]
[]
[]
[]
[]
[]
[]
[]
[]
[]
[]
[]
[]
[]
[]
[]
[]
[]
[]
[]
[]
[]
[]
[]
[]
[]
[]
[]
[]
[]
[]
[]
[]
[]
[]
[]
[]
[]
[]
[]
[]
[]
[]
[]
[]
[]
[]
[]
[]
[]
[]
[]
[]
[]
[]
[]
[]
[]
[]
[]
[]
[]
[]
[]
[]
[]
[]
[]
[]
[]
[]
[]
[]
[]
[]
[]
[]
[]
[]
[]
[]
[]
[]
[]
[]
[]
[]
[]
[]
[]
[]
[]
[]
[]
[]
[]
[]
[]
[]
[]
[]
[]
[]
[]
[]
[]
[]
[]
[]
[]
[]
[]
[]
[]
[]
[]
[]
[]
[]
[]
[]
[]
[]
[]
[]
[]
[]
[]
[]
[]
[]
[]
[]
[]
[]
[]
[]
[]
[]
[]
[]
[]
[]
[]
[]
[]
[]
[]
[]
[]
[]
[]
[]
[]
[]
[]
[]
[]
[]
[]
[]
[]
[]
[]
[]
[]
[]
[]
[]
[]
[]
[]
[]
[]
[]
[]
[]
[]
[]
[]
[]
[]
[]
[]
[]
[]
[]
[]
[]
[]
[]
[]
[]
[]
[]
[]
[]
[]
[]
[]
[]
[]
[]
[]
[]
[]
[]
[]
[]
[]
[]
[]
[]
[]
[]
[]
[]
[]
[]
[]
[]
[]
[]
[]
[]
[]
[]
[]
[]
[]
[]
[]
[]
[]
[]
[]
[]
[]
[]
[]
[]
[]
[]
[]
[]
[]
[]
[]
[]
[]
[]
[]
[]
[]
[]
[]
[]
[]
[]
[]
[]
[]
[]
[]
[]
[]
[]
[]
[]
[]
[]
[]
[]
[]
[]
[]
[]
[]
[]
[]
[]
[]
[]
[]
[]
[]
[]
[]
[]
[]
[]
[]
[]
[]
[]
[]
[]
[]
[]
[]
[]
[]
[]
[]
[]
[]
[]
[]
[]
[]
[]
[]
[]
[]
[]
[]
[]
[]
[]
[]
[]
[]
[]
[]
[]
[]
[]
[]
[]
[]
[]
[]
[]
[]
[]
[]
[]
[]
[]
[]
[]
[]
[]
[]
[]
[]
[]
[]
[]
[]
[]
[]
[]
[]
[]
[]
[]
[]
[]
[]
[]
[]
[]
[]
[]
[]
[]
[]
[]
[]
[]
[]
[]
[]
[]
[]
[]
[]
[]
[]
[]
[]
[]
[]
[]
[]
[]
[]
[]
[]
[]
[]
[]
[]
[]
[]
[]
[]
[]
[]
[]
[]
[]
[]
[]
[]
[]
[]
[]
[]
[]
[]
[]
[]
[]
[]
[]
[]
[]
[]
[]
[]
[]
[]
[]
[]
[]
[]
[]
[]
[]
[]
[]
[]
[]
[]
[]
[]
[]
[]
[]
[]
[]
[]
[]
[]
[]
[]
[]
[]
[]
[]
[]
[]
[]
[]
[]
[]
[]
[]
[]
[]
[]
[]
[]
[]
[]
[]
[]
[]
[]
[]
[]
[]
[]
[]
[]
[]
[]
[]
[]
[]
[]
[]
[]
[]
[]
[]
[]
[]
[]
[]
[]
[]
[]
[]
[]
[]
[]
[]
[]
[]
[]
[]
[]
[]
[]
[]
[]
[]
[]
[]
[]
[]
[]
[]
[]
[]
[]
[]
[]
[]
[]
[]
[]
[]
[]
[]
[]
[]
[]
[]
[]
[]
[]
[]
[]
[]
[]
[]
[]
[]
[]
[]
[]
[]
[]
[]
[]
[]
[]
[]
[]
[]
[]
[]
[]
[]
[]
[]
[]
[]
[]
[]
[]
[]
[]
[]
[]
[]
[]
[]
[]
[]
[]
[]
[]
[]
[]
[]
[]
[]
[]
[]
[]
[]
[]
[]
[]
[]
[]
[]
[]
[]
[]
[]
[]
[]
[]
[]
[]
[]
[]
[]
[]
[]
[]
[]
[]
[]
[]
[]
[]
[]
[]
[]
[]
[]
[]
[]
[]
[]
[]
[]
[]
[]
[]
[]
[]
[]
[]
[]
[]
[]
[]
[]
[]
[]
[]
[]
[]
[]
[]
[]
[]
[]
[]
[]
[]
[]
[]
[]
[]
[]
[]
[]
[]
[]
[]
[]
[]
[]
[]
[]
[]
[]
[]
[]
[]
[]
[]
[]
[]
[]
[]
[]
[]
[]
[]
[]
[]
[]
[]
[]
[]
[]
[]
[]
[]
[]
[]
[]
[]
[]
[]
[]
[]
[]
[]
[]
[]
[]
[]
[]
[]
[]
[]
[]
[]
[]
[]
[]
[]
[]
[]
[]
[]
[]
[]
[]
[]
[]
[]
[]
[]
[]
[]
[]
[]
[]
[]
[]
[]
[]
[]
[]
[]
[]
[]
[]
[]
[]
[]
[]
[]
[]
[]
[]
[]
[]
[]
[]
[]
[]
[]
[]
[]
[]
[]
[]
[]
[]
[]
[]
[]
[]
[]
[]
[]
[]
[]
[]
[]
[]
[]
[]
[]
[]
[]
[]
[]
[]
[]
[]
[]
[]
[]
[]
[]
[]
[]
[]
[]
[]
[]
[]
[]
[]
[]
[]
[]
[]
[]
[]
[]
[]
[]
[]
[]
[]
[]
[]
[]
[]
[]
[]
[]
[]
[]
[]
[]
[]
[]
[]
[]
[]
[]
[]
[]
[]
[]
[]
[]
[]
[]
[]
[]
[]
[]
[]
[]
[]
[]
[]
[]
[]
[]
[]
[]
[]
[]
[]
[]
[]
[]
[]
[]
[]
[]
[]
[]
[]
[]
[]
[]
[]
[]
[]
[]
[]
[]
[]
[]
[]
[]
[]
[]
[]
[]
[]
[]
[]
[]
[]
[]
[]
[]
[]
[]
[]
[]
[]
[]
[]
[]
[]
[]
[]
[]
[]
[]
[]
[]
[]
[]
[]
[]
[]
[]
[]
[]
[]
[]
[]
[]
[]
[]
[]
[]
[]
[]
[]
[]
[]
[]
[]
[]
[]
[]
[]
[]
[]
[]
[]
[]
[]
[]
[]
[]
[]
[]
[]
[]
[]
[]
[]
[]
[]
[]
[]
[]
[]
[]
[]
[]
[]
[]
[]
[]
[]
[]
[]
[]
[]
[]
[]
[]
[]
[]
[]
[]
[]
[]
[]
[]
[]
[]
[]
[]
[]
[]
[]
[]
[]
[]
[]
[]
[]
[]
[]
[]
[]
[]
[]
[]
[]
[]
[]
[]
[]
[]
[]
[]
[]
[]
[]
[]
[]
[]
[]
[]
[]
[]
[]
[]
[]
[]
[]
[]
[]
[]
[]
[]
[]
[]
[]
[]
[]
[]
[]
[]
[]
[]
[]
[]
[]
[]
[]
[]
[]
[]
[]
[]
[]
[]
[]
[]
[]
[]
[]
[]
[]
[]
[]
[]
[]
[]
[]
[]
[]
[]
[]
[]
[]
[]
[]
[]
[]
[]
[]
[]
[]
[]
[]
[]
[]
[]
[]
[]
[]
[]
[]
[]
[]
[]
[]
[]
[]
[]
[]
[]
[]
[]
[]
[]
[]
[]
[]
[]
[]
[]
[]
[]
[]
[]
[]
[]
[]
[]
[]
[]
[]
[]
[]
[]
[]
[]
[]
[]
[]
[]
[]
[]
[]
[]
[]
[]
[]
[]
[]
[]
[]
[]
[]
[]
[]
[]
[]
[]
[]
[]
[]
[]
[]
[]
[]
[]
[]
[]
[]
[]
[]
[]
[]
[]
[]
[]
[]
[]
[]
[]
[]
[]
[]
[]
[]
[]
[]
[]
[]
[]
[]
[]
[]
[]
[]
[]
[]
[]
[]
[]
[]
[]
[]
[]
[]
[]
[]
[]
[]
[]
[]
[]
[]
[]
[]
[]
[]
[]
[]
[]
[]
[]
[]
[]
[]
[]
[]
[]
[]
[]
[]
[]
[]
[]
[]
[]
[]
[]
[]
[]
[]
[]
[]
[]
[]
[]
[]
[]
[]
[]
[]
[]
[]
[]
[]
[]
[]
[]
[]
[]
[]
[]
[]
[]
[]
[]
[]
[]
[]
[]
[]
[]
[]
[]
[]
[]
[]
[]
[]
[]
[]
[]
[]
[]
[]
[]
[]
[]
[]
[]
[]
[]
[]
[]
[]
[]
[]
[]
[]
[]
[]
[]
[]
[]
[]
[]
[]
[]
[]
[]
[]
[]
[]
[]
[]
[]
[]
[]
[]
[]
[]
[]
[]
[]
[]
[]
[]
[]
[]
[]
[]
[]
[]
[]
[]
[]
[]
[]
[]
[]
[]
[]
[]
[]
[]
[]
[]
[]
[]
[]
[]
[]
[]
[]
[]
[]
[]
[]
[]
[]
[]
[]
[]
[]
[]
[]
[]
[]
[]
[]
[]
[]
[]
[]
[]
[]
[]
[]
[]
[]
[]
[]
[]
[]
[]
[]
[]
[]
[]
[]
[]
[]
[]
[]
[]
[]
[]
[]
[]
[]
[]
[]
[]
[]
[]
[]
[]
[]
[]
[]
[]
[]
[]
[]
[]
[]
[]
[]
[]
[]
[]
[]
[]
[]
[]
[]
[]
[]
[]
[]
[]
[]
[]
[]
[]
[]
[]
[]
[]
[]
[]
[]
[]
[]
[]
[]
[]
[]
[]
[]
[]
[]
[]
[]
[]
[]
[]
[]
[]
[]
[]
[]
[]
[]
[]
[]
[]
[]
[]
[]
[]
[]
[]
[]
[]
[]
[]
[]
[]
[]
[]
[]
[]
[]
[]
[]
[]
[]
[]
[]
[]
[]
[]
[]
[]
[]
[]
[]
[]
[]
[]
[]
[]
[]
[]
[]
[]
[]
[]
[]
[]
[]
[]
[]
[]
[]
[]
[]
[]
[]
[]
[]
[]
[]
[]
[]
[]
[]
[]
[]
[]
[]
[]
[]
[]
[]
[]
[]
[]
[]
[]
[]
[]
[]
[]
[]
[]
[]
[]
[]
[]
[]
[]
[]
[]
[]
[]
[]
[]
[]
[]
[]
[]
[]
[]
[]
[]
[]
[]
[]
[]
[]
[]
[]
[]
[]
[]
[]
[]
[]
[]
[]
[]
[]
[]
[]
[]
[]
[]
[]
[]
[]
[]
[]
[]
[]
[]
[]
[]
[]
[]
[]
[]
[]
[]
[]
[]
[]
[]
[]
[]
[]
[]
[]
[]
[]
[]
[]
[]
[]
[]
[]
[]
[]
[]
[]
[]
[]
[]
[]
[]
[]
[]
[]
[]
[]
[]
[]
[]
[]
[]
[]
[]
[]
[]
[]
[]
[]
[]
[]
[]
[]
[]
[]
[]
[]
[]
[]
[]
[]
[]
[]
[]
[]
[]
[]
[]
[]
[]
[]
[]
[]
[]
[]
[]
[]
[]
[]
[]
[]
[]
[]
[]
[]
[]
[]
[]
[]
[]
[]
[]
[]
[]
[]
[]
[]
[]
[]
[]
[]
[]
[]
[]
[]
[]
[]
[]
[]
[]
[]
[]
[]
[]
[]
[]
[]
[]
[]
[]
[]
[]
[]
[]
[]
[]
[]
[]
[]
[]
[]
[]
[]
[]
[]
[]
[]
[]
[]
[]
[]
[]
[]
[]
[]
[]
[]
[]
[]
[]
[]
[]
[]
[]
[]
[]
[]
[]
[]
[]
[]
[]
[]
[]
[]
[]
[]
[]
[]
[]
[]
[]
[]
[]
[]
[]
[]
[]
[]
[]
[]
[]
[]
[]
[]
[]
[]
[]
[]
[]
[]
[]
[]
[]
[]
[]
[]
[]
[]
[]
[]
[]
[]
[]
[]
[]
[]
[]
[]
[]
[]
[]
[]
[]
[]
[]
[]
[]
[]
[]
[]
[]
[]
[]
[]
[]
[]
[]
[]
[]
[]
[]
[]
[]
[]
[]
[]
[]
[]
[]
[]
[]
[]
[]
[]
[]
[]
[]
[]
[]
[]
[]
[]
[]
[]
[]
[]
[]
[]
[]
[]
[]
[]
[]
[]
[]
[]
[]
[]
[]
[]
[]
[]
[]
[]
[]
[]
[]
[]
[]
[]
[]
[]
[]
[]
[]
[]
[]
[]
[]
[]
[]
[]
[]
[]
[]
[]
[]
[]
[]
[]
[]
[]
[]
[]
[]
[]
[]
[]
[]
[]
[]
[]
[]
[]
[]
[]
[]
[]
[]
[]
[]
[]
[]
[]
[]
[]
[]
[]
[]
[]
[]
[]
[]
[]
[]
[]
[]
[]
[]
[]
[]
[]
[]
[]
[]
[]
[]
[]
[]
[]
[]
[]
[]
[]
[]
[]
[]
[]
[]
[]
[]
[]
[]
[]
[]
[]
[]
[]
[]
[]
[]
[]
[]
[]
[]
[]
[]
[]
[]
[]
[]
[]
[]
[]
[]
[]
[]
[]
[]
[]
[]
[]
[]
[]
[]
[]
[]
[]
[]
[]
[]
[]
[]
[]
[]
[]
[]
[]
[]
[]
[]
[]
[]
[]
[]
[]
[]
[]
[]
[]
[]
[]
[]
[]
[]
[]
[]
[]
[]
[]
[]
[]
[]
[]
[]
[]
[]
[]
[]
[]
[]
[]
[]
[]
[]
[]
[]
[]
[]
[]
[]
[]
[]
[]
[]
[]
[]
[]
[]
[]
[]
[]
[]
[]
[]
[]
[]
[]
[]
[]
[]
[]
[]
[]
[]
[]
[]
[]
[]
[]
[]
[]
[]
[]
[]
[]
[]
[]
[]
[]
[]
[]
[]
[]
[]
[]
[]
[]
[]
[]
[]
[]
[]
[]
[]
[]
[]
[]
[]
[]
[]
[]
[]
[]
[]
[]
[]
[]
[]
[]
[]
[]
[]
[]
[]
[]
[]
[]
[]
[]
[]
[]
[]
[]
[]
[]
[]
[]
[]
[]
[]
[]
[]
[]
[]
[]
[]
[]
[]
[]
[]
[]
[]
[]
[]
[]
[]
[]
[]
[]
[]
[]
[]
[]
[]
[]
[]
[]
[]
[]
[]
[]
[]
[]
[]
[]
[]
[]
[]
[]
[]
[]
[]
[]
[]
[]
[]
[]
[]
[]
[]
[]
[]
[]
[]
[]
[]
[]
[]
[]
[]
[]
[]
[]
[]
[]
[]
[]
[]
[]
[]
[]
[]
[]
[]
[]
[]
[]
[]
[]
[]
[]
[]
[]
[]
[]
[]
[]
[]
[]
[]
[]
[]
[]
[]
[]
[]
[]
[]
[]
[]
[]
[]
[]
[]
[]
[]
[]
[]
[]
[]
[]
[]
[]
[]
[]
[]
[]
[]
[]
[]
[]
[]
[]
[]
[]
[]
[]
[]
[]
[]
[]
[]
[]
[]
[]
[]
[]
[]
[]
[]
[]
[]
[]
[]
[]
[]
[]
[]
[]
[]
[]
[]
[]
[]
[]
[]
[]
[]
[]
[]
[]
[]
[]
[]
[]
[]
[]
[]
[]
[]
[]
[]
[]
[]
[]
[]
[]
[]
[]
[]
[]
[]
[]
[]
[]
[]
[]
[]
[]
[]
[]
[]
[]
[]
[]
[]
[]
[]
[]
[]
[]
[]
[]
[]
[]
[]
[]
[]
[]
[]
[]
[]
[]
[]
[]
[]
[]
[]
[]
[]
[]
[]
[]
[]
[]
[]
[]
[]
[]
[]
[]
[]
[]
[]
[]
[]
[]
[]
[]
[]
[]
[]
[]
[]
[]
[]
[]
[]
[]
[]
[]
[]
[]
[]
[]
[]
[]
[]
[]
[]
[]
[]
[]
[]
[]
[]
[]
[]
[]
[]
[]
[]
[]
[]
[]
[]
[]
[]
[]
[]
[]
[]
[]
[]
[]
[]
[]
[]
[]
[]
[]
[]
[]
[]
[]
[]
[]
[]
[]
[]
[]
[]
[]
[]
[]
[]
[]
[]
[]
[]
[]
[]
[]
[]
[]
[]
[]
[]
[]
[]
[]
[]
[]
[]
[]
[]
[]
[]
[]
[]
[]
[]
[]
[]
[]
[]
[]
[]
[]
[]
[]
[]
[]
[]
[]
[]
[]
[]
[]
[]
[]
[]
[]
[]
[]
[]
[]
[]
[]
[]
[]
[]
[]
[]
[]
[]
[]
[]
[]
[]
[]
[]
[]
[]
[]
[]
[]
[]
[]
[]
[]
[]
[]
[]
[]
[]
[]
[]
[]
[]
[]
[]
[]
[]
[]
[]
[]
[]
[]
[]
[]
[]
[]
[]
[]
[]
[]
[]
[]
[]
[]
[]
[]
[]
[]
[]
[]
[]
[]
[]
[]
[]
[]
[]
[]
[]
[]
[]
[]
[]
[]
[]
[]
[]
[]
[]
[]
[]
[]
[]
[]
[]
[]
[]
[]
[]
[]
[]
[]
[]
[]
[]
[]
[]
[]
[]
[]
[]
[]
[]
[]
[]
[]
[]
[]
[]
[]
[]
[]
[]
[]
[]
[]
[]
[]
[]
[]
[]
[]
[]
[]
[]
[]
[]
[]
[]
[]
[]
[]
[]
[]
[]
[]
[]
[]
[]
[]
[]
[]
[]
[]
[]
[]
[]
[]
[]
[]
[]
[]
[]
[]
[]
[]
[]
[]
[]
[]
[]
[]
[]
[]
[]
[]
[]
[]
[]
[]
[]
[]
[]
[]
[]
[]
[]
[]
[]
[]
[]
[]
[]
[]
[]
[]
[]
[]
[]
[]
[]
[]
[]
[]
[]
[]
[]
[]
[]
[]
[]
[]
[]
[]
[]
[]
[]
[]
[]
[]
[]
[]
[]
[]
[]
[]
[]
[]
[]
[]
[]
[]
[]
[]
[]
[]
[]
[]
[]
[]
[]
[]
[]
[]
[]
[]
[]
[]
[]
[]
[]
[]
[]
[]
[]
[]
[]
[]
[]
[]
[]
[]
[]
[]
[]
[]
[]
[]
[]
[]
[]
[]
[]
[]
[]
[]
[]
[]
[]
[]
[]
[]
[]
[]
[]
[]
[]
[]
[]
[]
[]
[]
[]
[]
[]
[]
[]
[]
[]
[]
[]
[]
[]
[]
[]
[]
[]
[]
[]
[]
[]
[]
[]
[]
[]
[]
[]
[]
[]
[]
[]
[]
[]
[]
[]
[]
[]
[]
[]
[]
[]
[]
[]
[]
[]
[]
[]
[]
[]
[]
[]
[]
[]
[]
[]
[]
[]
[]
[]
[]
[]
[]
[]
[]
[]
[]
[]
[]
[]
[]
[]
[]
[]
[]
[]
[]
[]
[]
[]
[]
[]
[]
[]
[]
[]
[]
[]
[]
[]
[]
[]
[]
[]
[]
[]
[]
[]
[]
[]
[]
[]
[]
[]
[]
[]
[]
[]
[]
[]
[]
[]
[]
[]
[]
[]
[]
[]
[]
[]
[]
[]
[]
[]
[]
[]
[]
[]
[]
[]
[]
[]
[]
[]
[]
[]
[]
[]
[]
[]
[]
[]
[]
[]
[]
[]
[]
[]
[]
[]
[]
[]
[]
[]
[]
[]
[]
[]
[]
[]
[]
[]
[]
[]
[]
[]
[]
[]
[]
[]
[]
[]
[]
[]
[]
[]
[]
[]
[]
[]
[]
[]
[]
[]
[]
[]
[]
[]
[]
[]
[]
[]
[]
[]
[]
[]
[]
[]
[]
[]
[]
[]
[]
[]
[]
[]
[]
[]
[]
[]
[]
[]
[]
[]
[]
[]
[]
[]
[]
[]
[]
[]
[]
[]
[]
[]
[]
[]
[]
[]
[]
[]
[]
[]
[]
[]
[]
[]
[]
[]
[]
[]
[]
[]
[]
[]
[]
[]
[]
[]
[]
[]
[]
[]
[]
[]
[]
[]
[]
[]
[]
[]
[]
[]
[]
[]
[]
[]
[]
[]
[]
[]
[]
[]
[]
[]
[]
[]
[]
[]
[]
[]
[]
[]
[]
[]
[]
[]
[]
[]
[]
[]
[]
[]
[]
[]
[]
[]
[]
[]
[]
[]
[]
[]
[]
[]
[]
[]
[]
[]
[]
[]
[]
[]
[]
[]
[]
[]
[]
[]
[]
[]
[]
[]
[]
[]
[]
[]
[]
[]
[]
[]
[]
[]
[]
[]
[]
[]
[]
[]
[]
[]
[]
[]
[]
[]
[]
[]
[]
[]
[]
[]
[]
[]
[]
[]
[]
[]
[]
[]
[]
[]
[]
[]
[]
[]
[]
[]
[]
[]
[]
[]
[]
[]
[]
[]
[]
[]
[]
[]
[]
[]
[]
[]
[]
[]
[]
[]
[]
[]
[]
[]
[]
[]
[]
[]
[]
[]
[]
[]
[]
[]
[]
[]
[]
[]
[]
[]
[]
[]
[]
[]
[]
[]
[]
[]
[]
[]
[]
[]
[]
[]
[]
[]
[]
[]
[]
[]
[]
[]
[]
[]
[]
[]
[]
[]
[]
[]
[]
[]
[]
[]
[]
[]
[]
[]
[]
[]
[]
[]
[]
[]
[]
[]
[]
[]
[]
[]
[]
[]
[]
[]
[]
[]
[]
[]
[]
[]
[]
[]
[]
[]
[]
[]
[]
[]
[]
[]
[]
[]
[]
[]
[]
[]
[]
[]
[]
[]
[]
[]
[]
[]
[]
[]
[]
[]
[]
[]
[]
[]
[]
[]
[]
[]
[]
[]
[]
[]
[]
[]
[]
[]
[]
[]
[]
[]
[]
[]
[]
[]
[]
[]
[]
[]
[]
[]
[]
[]
[]
[]
[]
[]
[]
[]
[]
[]
[]
[]
[]
[]
[]
[]
[]
[]
[]
[]
[]
[]
[]
[]
[]
[]
[]
[]
[]
[]
[]
[]
[]
[]
[]
[]
[]
[]
[]
[]
[]
[]
[]
[]
[]
[]
[]
[]
[]
[]
[]
[]
[]
[]
[]
[]
[]
[]
[]
[]
[]
[]
[]
[]
[]
[]
[]
[]
[]
[]
[]
[]
[]
[]
[]
[]
[]
[]
[]
[]
[]
[]
[]
[]
[]
[]
[]
[]
[]
[]
[]
[]
[]
[]
[]
[]
[]
[]
[]
[]
[]
[]
[]
[]
[]
[]
[]
[]
[]
[]
[]
[]
[]
[]
[]
[]
[]
[]
[]
[]
[]
[]
[]
[]
[]
[]
[]
[]
[]
[]
[]
[]
[]
[]
[]
[]
[]
[]
[]
[]
[]
[]
[]
[]
[]
[]
[]
[]
[]
[]
[]
[]
[]
[]
[]
[]
[]
[]
[]
[]
[]
[]
[]
[]
[]
[]
[]
[]
[]
[]
[]
[]
[]
[]
[]
[]
[]
[]
[]
[]
[]
[]
[]
[]
[]
[]
[]
[]
[]
[]
[]
[]
[]
[]
[]
[]
[]
[]
[]
[]
[]
[]
[]
[]
[]
[]
[]
[]
[]
[]
[]
[]
[]
[]
[]
[]
[]
[]
[]
[]
[]
[]
[]
[]
[]
[]
[]
[]
[]
[]
[]
[]
[]
[]
[]
[]
[]
[]
[]
[]
[]
[]
[]
[]
[]
[]
[]
[]
[]
[]
[]
[]
[]
[]
[]
[]
[]
[]
[]
[]
[]
[]
[]
[]
[]
[]
[]
[]
[]
[]
[]
[]
[]
[]
[]
[]
[]
[]
[]
[]
[]
[]
[]
[]
[]
[]
[]
[]
[]
[]
[]
[]
[]
[]
[]
[]
[]
[]
[]
[]
[]
[]
[]
[]
[]
[]
[]
[]
[]
[]
[]
[]
[]
[]
[]
[]
[]
[]
[]
[]
[]
[]
[]
[]
[]
[]
[]
[]
[]
[]
[]
[]
[]
[]
[]
[]
[]
[]
[]
[]
[]
[]
[]
[]
[]
[]
[]
[]
[]
[]
[]
[]
[]
[]
[]
[]
[]
[]
[]
[]
[]
[]
[]
[]
[]
[]
[]
[]
[]
[]
[]
[]
[]
[]
[]
[]
[]
[]
[]
[]
[]
[]
[]
[]
[]
[]
[]
[]
[]
[]
[]
[]
[]
[]
[]
[]
[]
[]
[]
[]
[]
[]
[]
[]
[]
[]
[]
[]
[]
[]
[]
[]
[]
[]
[]
[]
[]
[]
[]
[]
[]
[]
[]
[]
[]
[]
[]
[]
[]
[]
[]
[]
[]
[]
[]
[]
[]
[]
[]
[]
[]
[]
[]
[]
[]
[]
[]
[]
[]
[]
[]
[]
[]
[]
[]
[]
[]
[]
[]
[]
[]
[]
[]
[]
[]
[]
[]
[]
[]
[]
[]
[]
[]
[]
[]
[]
[]
[]
[]
[]
[]
[]
[]
[]
[]
[]
[]
[]
[]
[]
[]
[]
[]
[]
[]
[]
[]
[]
[]
[]
[]
[]
[]
[]
[]
[]
[]
[]
[]
[]
[]
[]
[]
[]
[]
[]
[]
[]
[]
[]
[]
[]
[]
[]
[]
[]
[]
[]
[]
[]
[]
[]
[]
[]
[]
[]
[]
[]
[]
[]
[]
[]
[]
[]
[]
[]
[]
[]
[]
[]
[]
[]
[]
[]
[]
[]
[]
[]
[]
[]
[]
[]
[]
[]
[]
[]
[]
[]
[]
[]
[]
[]
[]
[]
[]
[]
[]
[]
[]
[]
[]
[]
[]
[]
[]
[]
[]
[]
[]
[]
[]
[]
[]
[]
[]
[]
[]
[]
[]
[]
[]
[]
[]
[]
[]
[]
[]
[]
[]
[]
[]
[]
[]
[]
[]
[]
[]
[]
[]
[]
[]
[]
[]
[]
[]
[]
[]
[]
[]
[]
[]
[]
[]
[]
[]
[]
[]
[]
[]
[]
[]
[]
[]
[]
[]
[]
[]
[]
[]
[]
[]
[]
[]
[]
[]
[]
[]
[]
[]
[]
[]
[]
[]
[]
[]
[]
[]
[]
[]
[]
[]
[]
[]
[]
[]
[]
[]
[]
[]
[]
[]
[]
[]
[]
[]
[]
[]
[]
[]
[]
[]
[]
[]
[]
[]
[]
[]
[]
[]
[]
[]
[]
[]
[]
[]
[]
[]
[]
[]
[]
[]
[]
[]
[]
[]
[]
[]
[]
[]
[]
[]
[]
[]
[]
[]
[]
[]
[]
[]
[]
[]
[]
[]
[]
[]
[]
[]
[]
[]
[]
[]
[]
[]
[]
[]
[]
[]
[]
[]
[]
[]
[]
[]
[]
[]
[]
[]
[]
[]
[]
[]
[]
[]
[]
[]
[]
[]
[]
[]
[]
[]
[]
[]
[]
[]
[]
[]
[]
[]
[]
[]
[]
[]
[]
[]
[]
[]
[]
[]
[]
[]
[]
[]
[]
[]
[]
[]
[]
[]
[]
[]
[]
[]
[]
[]
[]
[]
[]
[]
[]
[]
[]
[]
[]
[]
[]
[]
[]
[]
[]
[]
[]
[]
[]
[]
[]
[]
[]
[]
[]
[]
[]
[]
[]
[]
[]
[]
[]
[]
[]
[]
[]
[]
[]
[]
[]
[]
[]
[]
[]
[]
[]
[]
[]
[]
[]
[]
[]
[]
[]
[]
[]
[]
[]
[]
[]
[]
[]
[]
[]
[]
[]
[]
[]
[]
[]
[]
[]
[]
[]
[]
[]
[]
[]
[]
[]
[]
[]
[]
[]
[]
[]
[]
[]
[]
[]
[]
[]
[]
[]
[]
[]
[]
[]
[]
[]
[]
[]
[]
[]
[]
[]
[]
[]
[]
[]
[]
[]
[]
[]
[]
[]
[]
[]
[]
[]
[]
[]
[]
[]
[]
[]
[]
[]
[]
[]
[]
[]
[]
[]
[]
[]
[]
[]
[]
[]
[]
[]
[]
[]
[]
[]
[]
[]
[]
[]
[]
[]
[]
[]
[]
[]
[]
[]
[]
[]
[]
[]
[]
[]
[]
[]
[]
[]
[]
[]
[]
[]
[]
[]
[]
[]
[]
[]
[]
[]
[]
[]
[]
[]
[]
[]
[]
[]
[]
[]
[]
[]
[]
[]
[]
[]
[]
[]
[]
[]
[]
[]
[]
[]
[]
[]
[]
[]
[]
[]
[]
[]
[]
[]
[]
[]
[]
[]
[]
[]
[]
[]
[]
[]
[]
[]
[]
[]
[]
[]
[]
[]
[]
[]
[]
[]
[]
[]
[]
[]
[]
[]
[]
[]
[]
[]
[]
[]
[]
[]
[]
[]
[]
[]
[]
[]
[]
[]
[]
[]
[]
[]
[]
[]
[]
[]
[]
[]
[]
[]
[]
[]
[]
[]
[]
[]
[]
[]
[]
[]
[]
[]
[]
[]
[]
[]
[]
[]
[]
[]
[]
[]
[]
[]
[]
[]
[]
[]
[]
[]
[]
[]
[]
[]
[]
[]
[]
[]
[]
[]
[]
[]
[]
[]
[]
[]
[]
[]
[]
[]
[]
[]
[]
[]
[]
[]
[]
[]
[]
[]
[]
[]
[]
[]
[]
[]
[]
[]
[]
[]
[]
[]
[]
[]
[]
[]
[]
[]
[]
[]
[]
[]
[]
[]
[]
[]
[]
[]
[]
[]
[]
[]
[]
[]
[]
[]
[]
[]
[]
[]
[]
[]
[]
[]
[]
[]
[]
[]
[]
[]
[]
[]
[]
[]
[]
[]
[]
[]
[]
[]
[]
[]
[]
[]
[]
[]
[]
[]
[]
[]
[]
[]
[]
[]
[]
[]
[]
[]
[]
[]
[]
[]
[]
[]
[]
[]
[]
[]
[]
[]
[]
[]
[]
[]
[]
[]
[]
[]
[]
[]
[]
[]
[]
[]
[]
[]
[]
[]
[]
[]
[]
[]
[]
[]
[]
[]
[]
[]
[]
[]
[]
[]
[]
[]
[]
[]
[]
[]
[]
[]
[]
[]
[]
[]
[]
[]
[]
[]
[]
[]
[]
[]
[]
[]
[]
[]
[]
[]
[]
[]
[]
[]
[]
[]
[]
[]
[]
[]
[]
[]
[]
[]
[]
[]
[]
[]
[]
[]
[]
[]
[]
[]
[]
[]
[]
[]
[]
[]
[]
[]
[]
[]
[]
[]
[]
[]
[]
[]
[]
[]
[]
[]
[]
[]
[]
[]
[]
[]
[]
[]
[]
[]
[]
[]
[]
[]
[]
[]
[]
[]
[]
[]
[]
[]
[]
[]
[]
[]
[]
[]
[]
[]
[]
[]
[]
[]
[]
[]
[]
[]
[]
[]
[]
[]
[]
[]
[]
[]
[]
[]
[]
[]
[]
[]
[]
[]
[]
[]
[]
[]
[]
[]
[]
[]
[]
[]
[]
[]
[]
[]
[]
[]
[]
[]
[]
[]
[]
[]
[]
[]
[]
[]
[]
[]
[]
[]
[]
[]
[]
[]
[]
[]
[]
[]
[]
[]
[]
[]
[]
[]
[]
[]
[]
[]
[]
[]
[]
[]
[]
[]
[]
[]
[]
[]
[]
[]
[]
[]
[]
[]
[]
[]
[]
[]
[]
[]
[]
[]
[]
[]
[]
[]
[]
[]
[]
[]
[]
[]
[]
[]
[]
[]
[]
[]
[]
[]
[]
[]
[]
[]
[]
[]
[]
[]
[]
[]
[]
[]
[]
[]
[]
[]
[]
[]
[]
[]
[]
[]
[]
[]
[]
[]
[]
[]
[]
[]
[]
[]
[]
[]
[]
[]
[]
[]
[]
[]
[]
[]
[]
[]
[]
[]
[]
[]
[]
[]
[]
[]
[]
[]
[]
[]
[]
[]
[]
[]
[]
[]
[]
[]
[]
[]
[]
[]
[]
[]
[]
[]
[]
[]
[]
[]
[]
[]
[]
[]
[]
[]
[]
[]
[]
[]
[]
[]
[]
[]
[]
[]
[]
[]
[]
[]
[]
[]
[]
[]
[]
[]
[]
[]
[]
[]
[]
[]
[]
[]
[]
[]
[]
[]
[]
[]
[]
[]
[]
[]
[]
[]
[]
[]
[]
[]
[]
[]
[]
[]
[]
[]
[]
[]
[]
[]
[]
[]
[]
[]
[]
[]
[]
[]
[]
[]
[]
[]
[]
[]
[]
[]
[]
[]
[]
[]
[]
[]
[]
[]
[]
[]
[]
[]
[]
[]
[]
[]
[]
[]
[]
[]
[]
[]
[]
[]
[]
[]
[]
[]
[]
[]
[]
[]
[]
[]
[]
[]
[]
[]
[]
[]
[]
[]
[]
[]
[]
[]
[]
[]
[]
[]
[]
[]
[]
[]
[]
[]
[]
[]
[]
[]
[]
[]
[]
[]
[]
[]
[]
[]
[]
[]
[]
[]
[]
[]
[]
[]
[]
[]
[]
[]
[]
[]
[]
[]
[]
[]
[]
[]
[]
[]
[]
[]
[]
[]
[]
[]
[]
[]
[]
[]
[]
[]
[]
[]
[]
[]
[]
[]
[]
[]
[]
[]
[]
[]
[]
[]
[]
[]
[]
[]
[]
[]
[]
[]
[]
[]
[]
[]
[]
[]
[]
[]
[]
[]
[]
[]
[]
[]
[]
[]
[]
[]
[]
[]
[]
[]
[]
[]
[]
[]
[]
[]
[]
[]
[]
[]
[]
[]
[]
[]
[]
[]
[]
[]
[]
[]
[]
[]
[]
[]
[]
[]
[]
[]
[]
[]
[]
[]
[]
[]
[]
[]
[]
[]
[]
[]
[]
[]
[]
[]
[]
[]
[]
[]
[]
[]
[]
[]
[]
[]
[]
[]
[]
[]
[]
[]
[]
[]
[]
[]
[]
[]
[]
[]
[]
[]
[]
[]
[]
[]
[]
[]
[]
[]
[]
[]
[]
[]
[]
[]
[]
[]
[]
[]
[]
[]
[]
[]
[]
[]
[]
[]
[]
[]
[]
[]
[]
[]
[]
[]
[]
[]
[]
[]
[]
[]
[]
[]
[]
[]
[]
[]
[]
[]
[]
[]
[]
[]
[]
[]
[]
[]
[]
[]
[]
[]
[]
[]
[]
[]
[]
[]
[]
[]
[]
[]
[]
[]
[]
[]
[]
[]
[]
[]
[]
[]
[]
[]
[]
[]
[]
[]
[]
[]
[]
[]
[]
[]
[]
[]
[]
[]
[]
[]
[]
[]
[]
[]
[]
[]
[]
[]
[]
[]
[]
[]
[]
[]
[]
[]
[]
[]
[]
[]
[]
[]
[]
[]
[]
[]
[]
[]
[]
[]
[]
[]
[]
[]
[]
[]
[]
[]
[]
[]
[]
[]
[]
[]
[]
[]
[]
[]
[]
[]
[]
[]
[]
[]
[]
[]
[]
[]
[]
[]
[]
[]
[]
[]
[]
[]
[]
[]
[]
[]
[]
[]
[]
[]
[]
[]
[]
[]
[]
[]
[]
[]
[]
[]
[]
[]
[]
[]
[]
[]
[]
[]
[]
[]
[]
[]
[]
[]
[]
[]
[]
[]
[]
[]
[]
[]
[]
[]
[]
[]
[]
[]
[]
[]
[]
[]
[]
[]
[]
[]
[]
[]
[]
[]
[]
[]
[]
[]
[]
[]
[]
[]
[]
[]
[]
[]
[]
[]
[]
[]
[]
[]
[]
[]
[]
[]
[]
[]
[]
[]
[]
[]
[]
[]
[]
[]
[]
[]
[]
[]
[]
[]
[]
[]
[]
[]
[]
[]
[]
[]
[]
[]
[]
[]
[]
[]
[]
[]
[]
[]
[]
[]
[]
[]
[]
[]
[]
[]
[]
[]
[]
[]
[]
[]
[]
[]
[]
[]
[]
[]
[]
[]
[]
[]
[]
[]
[]
[]
[]
[]
[]
[]
[]
[]
[]
[]
[]
[]
[]
[]
[]
[]
[]
[]
[]
[]
[]
[]
[]
[]
[]
[]
[]
[]
[]
[]
[]
[]
[]
[]
[]
[]
[]
[]
[]
[]
[]
[]
[]
[]
[]
[]
[]
[]
[]
[]
[]
[]
[]
[]
[]
[]
[]
[]
[]
[]
[]
[]
[]
[]
[]
[]
[]
[]
[]
[]
[]
[]
[]
[]
[]
[]
[]
[]
[]
[]
[]
[]
[]
[]
[]
[]
[]
[]
[]
[]
[]
[]
[]
[]
[]
[]
[]
[]
[]
[]
[]
[]
[]
[]
[]
[]
[]
[]
[]
[]
[]
[]
[]
[]
[]
[]
[]
[]
[]
[]
[]
[]
[]
[]
[]
[]
[]
[]
[]
[]
[]
[]
[]
[]
[]
[]
[]
[]
[]
[]
[]
[]
[]
[]
[]
[]
[]
[]
[]
[]
[]
[]
[]
[]
[]
[]
[]
[]
[]
[]
[]
[]
[]
[]
[]
[]
[]
[]
[]
[]
[]
[]
[]
[]
[]
[]
[]
[]
[]
[]
[]
[]
[]
[]
[]
[]
[]
[]
[]
[]
[]
[]
[]
[]
[]
[]
[]
[]
[]
[]
[]
[]
[]
[]
[]
[]
[]
[]
[]
[]
[]
[]
[]
[]
[]
[]
[]
[]
[]
[]
[]
[]
[]
[]
[]
[]
[]
[]
[]
[]
[]
[]
[]
[]
[]
[]
[]
[]
[]
[]
[]
[]
[]
[]
[]
[]
[]
[]
[]
[]
[]
[]
[]
[]
[]
[]
[]
[]
[]
[]
[]
[]
[]
[]
[]
[]
[]
[]
[]
[]
[]
[]
[]
[]
[]
[]
[]
[]
[]
[]
[]
[]
[]
[]
[]
[]
[]
[]
[]
[]
[]
[]
[]
[]
[]
[]
[]
[]
[]
[]
[]
[]
[]
[]
[]
[]
[]
[]
[]
[]
[]
[]
[]
[]
[]
[]
[]
[]
[]
[]
[]
[]
[]
[]
[]
[]
[]
[]
[]
[]
[]
[]
[]
[]
[]
[]
[]
[]
[]
[]
[]
[]
[]
[]
[]
[]
[]
[]
[]
[]
[]
[]
[]
[]
[]
[]
[]
[]
[]
[]
[]
[]
[]
[]
[]
[]
[]
[]
[]
[]
[]
[]
[]
[]
[]
[]
[]
[]
[]
[]
[]
[]
[]
[]
[]
[]
[]
[]
[]
[]
[]
[]
[]
[]
[]
[]
[]
[]
[]
[]
[]
[]
[]
[]
[]
[]
[]
[]
[]
[]
[]
[]
[]
[]
[]
[]
[]
[]
[]
[]
[]
[]
[]
[]
[]
[]
[]
[]
[]
[]
[]
[]
[]
[]
[]
[]
[]
[]
[]
[]
[]
[]
[]
[]
[]
[]
[]
[]
[]
[]
[]
[]
[]
[]
[]
[]
[]
[]
[]
[]
[]
[]
[]
[]
[]
[]
[]
[]
[]
[]
[]
[]
[]
[]
[]
[]
[]
[]
[]
[]
[]
[]
[]
[]
[]
[]
[]
[]
[]
[]
[]
[]
[]
[]
[]
[]
[]
[]
[]
[]
[]
[]
[]
[]
[]
[]
[]
[]
[]
[]
[]
[]
[]
[]
[]
[]
[]
[]
[]
[]
[]
[]
[]
[]
[]
[]
[]
[]
[]
[]
[]
[]
[]
[]
[]
[]
[]
[]
[]
[]
[]
[]
[]
[]
[]
[]
[]
[]
[]
[]
[]
[]
[]
[]
[]
[]
[]
[]
[]
[]
[]
[]
[]
[]
[]
[]
[]
[]
[]
[]
[]
[]
[]
[]
[]
[]
[]
[]
[]
[]
[]
[]
[]
[]
[]
[]
[]
[]
[]
[]
[]
[]
[]
[]
[]
[]
[]
[]
[]
[]
[]
[]
[]
[]
[]
[]
[]
[]
[]
[]
[]
[]
[]
[]
[]
[]
[]
[]
[]
[]
[]
[]
[]
[]
[]
[]
[]
[]
[]
[]
[]
[]
[]
[]
[]
[]
[]
[]
[]
[]
[]
[]
[]
[]
[]
[]
[]
[]
[]
[]
[]
[]
[]
[]
[]
[]
[]
[]
[]
[]
[]
[]
[]
[]
[]
[]
[]
[]
[]
[]
[]
[]
[]
[]
[]
[]
[]
[]
[]
[]
[]
[]
[]
[]
[]
[]
[]
[]
[]
[]
[]
[]
[]
[]
[]
[]
[]
[]
[]
[]
[]
[]
[]
[]
[]
[]
[]
[]
[]
[]
[]
[]
[]
[]
[]
[]
[]
[]
[]
[]
[]
[]
[]
[]
[]
[]
[]
[]
[]
[]
[]
[]
[]
[]
[]
[]
[]
[]
[]
[]
[]
[]
[]
[]
[]
[]
[]
[]
[]
[]
[]
[]
[]
[]
[]
[]
[]
[]
[]
[]
[]
[]
[]
[]
[]
[]
[]
[]
[]
[]
[]
[]
[]
[]
[]
[]
[]
[]
[]
[]
[]
[]
[]
[]
[]
[]
[]
[]
[]
[]
[]
[]
[]
[]
[]
[]
[]
[]
[]
[]
[]
[]
[]
[]
[]
[]
[]
[]
[]
[]
[]
[]
[]
[]
[]
[]
[]
[]
[]
[]
[]
[]
[]
[]
[]
[]
[]
[]
[]
[]
[]
[]
[]
[]
[]
[]
[]
[]
[]
[]
[]
[]
[]
[]
[]
[]
[]
[]
[]
[]
[]
[]
[]
[]
[]
[]
[]
[]
[]
[]
[]
[]
[]
[]
[]
[]
[]
[]
[]
[]
[]
[]
[]
[]
[]
[]
[]
[]
[]
[]
[]
[]
[]
[]
[]
[]
[]
[]
[]
[]
[]
[]
[]
[]
[]
[]
[]
[]
[]
[]
[]
[]
[]
[]
[]
[]
[]
[]
[]
[]
[]
[]
[]
[]
[]
[]
[]
[]
[]
[]
[]
[]
[]
[]
[]
[]
[]
[]
[]
[]
[]
[]
[]
[]
[]
[]
[]
[]
[]
[]
[]
[]
[]
[]
[]
[]
[]
[]
[]
[]
[]
[]
[]
[]
[]
[]
[]
[]
[]
[]
[]
[]
[]
[]
[]
[]
[]
[]
[]
[]
[]
[]
[]
[]
[]
[]
[]
[]
[]
[]
[]
[]
[]
[]
[]
[]
[]
[]
[]
[]
[]
[]
[]
[]
[]
[]
[]
[]
[]
[]
[]
[]
[]
[]
[]
[]
[]
[]
[]
[]
[]
[]
[]
[]
[]
[]
[]
[]
[]
[]
[]
[]
[]
[]
[]
[]
[]
[]
[]
[]
[]
[]
[]
[]
[]
[]
[]
[]
[]
[]
[]
[]
[]
[]
[]
[]
[]
[]
[]
[]
[]
[]
[]
[]
[]
[]
[]
[]
[]
[]
[]
[]
[]
[]
[]
[]
[]
[]
[]
[]
[]
[]
[]
[]
[]
[]
[]
[]
[]
[]
[]
[]
[]
[]
[]
[]
[]
[]
[]
[]
[]
[]
[]
[]
[]
[]
[]
[]
[]
[]
[]
[]
[]
[]
[]
[]
[]
[]
[]
[]
[]
[]
[]
[]
[]
[]
[]
[]
[]
[]
[]
[]
[]
[]
[]
[]
[]
[]
[]
[]
[]
[]
[]
[]
[]
[]
[]
[]
[]
[]
[]
[]
[]
[]
[]
[]
[]
[]
[]
[]
[]
[]
[]
[]
[]
[]
[]
[]
[]
[]
[]
[]
[]
[]
[]
[]
[]
[]
[]
[]
[]
[]
[]
[]
[]
[]
[]
[]
[]
[]
[]
[]
[]
[]
[]
[]
[]
[]
[]
[]
[]
[]
[]
[]
[]
[]
[]
[]
[]
[]
[]
[]
[]
[]
[]
[]
[]
[]
[]
[]
[]
[]
[]
[]
[]
[]
[]
[]
[]
[]
[]
[]
[]
[]
[]
[]
[]
[]
[]
[]
[]
[]
[]
[]
[]
[]
[]
[]
[]
[]
[]
[]
[]
[]
[]
[]
[]
[]
[]
[]
[]
[]
[]
[]
[]
[]
[]
[]
[]
[]
[]
[]
[]
[]
[]
[]
[]
[]
[]
[]
[]
[]
[]
[]
[]
[]
[]
[]
[]
[]
[]
[]
[]
[]
[]
[]
[]
[]
[]
[]
[]
[]
[]
[]
[]
[]
[]
[]
[]
[]
[]
[]
[]
[]
[]
[]
[]
[]
[]
[]
[]
[]
[]
[]
[]
[]
[]
[]
[]
[]
[]
[]
[]
[]
[]
[]
[]
[]
[]
[]
[]
[]
[]
[]
[]
[]
[]
[]
[]
[]
[]
[]
[]
[]
[]
[]
[]
[]
[]
[]
[]
[]
[]
[]
[]
[]
[]
[]
[]
[]
[]
[]
[]
[]
[]
[]
[]
[]
[]
[]
[]
[]
[]
[]
[]
[]
[]
[]
[]
[]
[]
[]
[]
[]
[]
[]
[]
[]
[]
[]
[]
[]
[]
[]
[]
[]
[]
[]
[]
[]
[]
[]
[]
[]
[]
[]
[]
[]
[]
[]
[]
[]
[]
[]
[]
[]
[]
[]
[]
[]
[]
[]
[]
[]
[]
[]
[]
[]
[]
[]
[]
[]
[]
[]
[]
[]
[]
[]
[]
[]
[]
[]
[]
[]
[]
[]
[]
[]
[]
[]
[]
[]
[]
[]
[]
[]
[]
[]
[]
[]
[]
[]
[]
[]
[]
[]
[]
[]
[]
[]
[]
[]
[]
[]
[]
[]
[]
[]
[]
[]
[]
[]
[]
[]
[]
[]
[]
[]
[]
[]
[]
[]
[]
[]
[]
[]
[]
[]
[]
[]
[]
[]
[]
[]
[]
[]
[]
[]
[]
[]
[]
[]
[]
[]
[]
[]
[]
[]
[]
[]
[]
[]
[]
[]
[]
[]
[]
[]
[]
[]
[]
[]
[]
[]
[]
[]
[]
[]
[]
[]
[]
[]
[]
[]
[]
[]
[]
[]
[]
[]
[]
[]
[]
[]
[]
[]
[]
[]
[]
[]
[]
[]
[]
[]
[]
[]
[]
[]
[]
[]
[]
[]
[]
[]
[]
[]
[]
[]
[]
[]
[]
[]
[]
[]
[]
[]
[]
[]
[]
[]
[]
[]
[]
[]
[]
[]
[]
[]
[]
[]
[]
[]
[]
[]
[]
[]
[]
[]
[]
[]
[]
[]
[]
[]
[]
[]
[]
[]
[]
[]
[]
[]
[]
[]
[]
[]
[]
[]
[]
[]
[]
[]
[]
[]
[]
[]
[]
[]
[]
[]
[]
[]
[]
[]
[]
[]
[]
[]
[]
[]
[]
[]
[]
[]
[]
[]
[]
[]
[]
[]
[]
[]
[]
[]
[]
[]
[]
[]
[]
[]
[]
[]
[]
[]
[]
[]
[]
[]
[]
[]
[]
[]
[]
[]
[]
[]
[]
[]
[]
[]
[]
[]
[]
[]
[]
[]
[]
[]
[]
[]
[]
[]
[]
[]
[]
[]
[]
[]
[]
[]
[]
[]
[]
[]
[]
[]
[]
[]
[]
[]
[]
[]
[]
[]
[]
[]
[]
[]
[]
[]
[]
[]
[]
[]
[]
[]
[]
[]
[]
[]
[]
[]
[]
[]
[]
[]
[]
[]
[]
[]
[]
[]
[]
[]
[]
[]
[]
[]
[]
[]
[]
[]
[]
[]
[]
[]
[]
[]
[]
[]
[]
[]
[]
[]
[]
[]
[]
[]
[]
[]
[]
[]
[]
[]
[]
[]
[]
[]
[]
[]
[]
[]
[]
[]
[]
[]
[]
[]
[]
[]
[]
[]
[]
[]
[]
[]
[]
[]
[]
[]
[]
[]
[]
[]
[]
[]
[]
[]
[]
[]
[]
[]
[]
[]
[]
[]
[]
[]
[]
[]
[]
[]
[]
[]
[]
[]
[]
[]
[]
[]
[]
[]
[]
[]
[]
[]
[]
[]
[]
[]
[]
[]
[]
[]
[]
[]
[]
[]
[]
[]
[]
[]
[]
[]
[]
[]
[]
[]
[]
[]
[]
[]
[]
[]
[]
[]
[]
[]
[]
[]
[]
[]
[]
[]
[]
[]
[]
[]
[]
[]
[]
[]
[]
[]
[]
[]
[]
[]
[]
[]
[]
[]
[]
[]
[]
[]
[]
[]
[]
[]
[]
[]
[]
[]
[]
[]
[]
[]
[]
[]
[]
[]
[]
[]
[]
[]
[]
[]
[]
[]
[]
[]
[]
[]
[]
[]
[]
[]
[]
[]
[]
[]
[]
[]
[]
[]
[]
[]
[]
[]
[]
[]
[]
[]
[]
[]
[]
[]
[]
[]
[]
[]
[]
[]
[]
[]
[]
[]
[]
[]
[]
[]
[]
[]
[]
[]
[]
[]
[]
[]
[]
[]
[]
[]
[]
[]
[]
[]
[]
[]
[]
[]
[]
[]
[]
[]
[]
[]
[]
[]
[]
[]
[]
[]
[]
[]
[]
[]
[]
[]
[]
[]
[]
[]
[]
[]
[]
[]
[]
[]
[]
[]
[]
[]
[]
[]
[]
[]
[]
[]
[]
[]
[]
[]
[]
[]
[]
[]
[]
[]
[]
[]
[]
[]
[]
[]
[]
[]
[]
[]
[]
[]
[]
[]
[]
[]
[]
[]
[]
[]
[]
[]
[]
[]
[]
[]
[]
[]
[]
[]
[]
[]
[]
[]
[]
[]
[]
[]
[]
[]
[]
[]
[]
[]
[]
[]
[]
[]
[]
[]
[]
[]
[]
[]
[]
[]
[]
[]
[]
[]
[]
[]
[]
[]
[]
[]
[]
[]
[]
[]
[]
[]
[]
[]
[]
[]
[]
[]
[]
[]
[]
[]
[]
[]
[]
[]
[]
[]
[]
[]
[]
[]
[]
[]
[]
[]
[]
[]
[]
[]
[]
[]
[]
[]
[]
[]
[]
[]
[]
[]
[]
[]
[]
[]
[]
[]
[]
[]
[]
[]
[]
[]
[]
[]
[]
[]
[]
[]
[]
[]
[]
[]
[]
[]
[]
[]
[]
[]
[]
[]
[]
[]
[]
[]
[]
[]
[]
[]
[]
[]
[]
[]
[]
[]
[]
[]
[]
[]
[]
[]
[]
[]
[]
[]
[]
[]
[]
[]
[]
[]
[]
[]
[]
[]
[]
[]
[]
[]
[]
[]
[]
[]
[]
[]
[]
[]
[]
[]
[]
[]
[]
[]
[]
[]
[]
[]
[]
[]
[]
[]
[]
[]
[]
[]
[]
[]
[]
[]
[]
[]
[]
[]
[]
[]
[]
[]
[]
[]
[]
[]
[]
[]
[]
[]
[]
[]
[]
[]
[]
[]
[]
[]
[]
[]
[]
[]
[]
[]
[]
[]
[]
[]
[]
[]
[]
[]
[]
[]
[]
[]
[]
[]
[]
[]
[]
[]
[]
[]
[]
[]
[]
[]
[]
[]
[]
[]
[]
[]
[]
[]
[]
[]
[]
[]
[]
[]
[]
[]
[]
[]
[]
[]
[]
[]
[]
[]
[]
[]
[]
[]
[]
[]
[]
[]
[]
[]
[]
[]
[]
[]
[]
[]
[]
[]
[]
[]
[]
[]
[]
[]
[]
[]
[]
[]
[]
[]
[]
[]
[]
[]
[]
[]
[]
[]
[]
[]
[]
[]
[]
[]
[]
[]
[]
[]
[]
[]
[]
[]
[]
[]
[]
[]
[]
[]
[]
[]
[]
[]
[]
[]
[]
[]
[]
[]
[]
[]
[]
[]
[]
[]
[]
[]
[]
[]
[]
[]
[]
[]
[]
[]
[]
[]
[]
[]
[]
[]
[]
[]
[]
[]
[]
[]
[]
[]
[]
[]
[]
[]
[]
[]
[]
[]
[]
[]
[]
[]
[]
[]
[]
[]
[]
[]
[]
[]
[]
[]
[]
[]
[]
[]
[]
[]
[]
[]
[]
[]
[]
[]
[]
[]
[]
[]
[]
[]
[]
[]
[]
[]
[]
[]
[]
[]
[]
[]
[]
[]
[]
[]
[]
[]
[]
[]
[]
[]
[]
[]
[]
[]
[]
[]
[]
[]
[]
[]
[]
[]
[]
[]
[]
[]
[]
[]
[]
[]
[]
[]
[]
[]
[]
[]
[]
[]
[]
[]
[]
[]
[]
[]
[]
[]
[]
[]
[]
[]
[]
[]
[]
[]
[]
[]
[]
[]
[]
[]
[]
[]
[]
[]
[]
[]
[]
[]
[]
[]
[]
[]
[]
[]
[]
[]
[]
[]
[]
[]
[]
[]
[]
[]
[]
[]
[]
[]
[]
[]
[]
[]
[]
[]
[]
[]
[]
[]
[]
[]
[]
[]
[]
[]
[]
[]
[]
[]
[]
[]
[]
[]
[]
[]
[]
[]
[]
[]
[]
[]
[]
[]
[]
[]
[]
[]
[]
[]
[]
[]
[]
[]
[]
[]
[]
[]
[]
[]
[]
[]
[]
[]
[]
[]
[]
[]
[]
[]
[]
[]
[]
[]
[]
[]
[]
[]
[]
[]
[]
[]
[]
[]
[]
[]
[]
[]
[]
[]
[]
[]
[]
[]
[]
[]
[]
[]
[]
[]
[]
[]
[]
[]
[]
[]
[]
[]
[]
[]
[]
[]
[]
[]
[]
[]
[]
[]
[]
[]
[]
[]
[]
[]
[]
[]
[]
[]
[]
[]
[]
[]
[]
[]
[]
[]
[]
[]
[]
[]
[]
[]
[]
[]
[]
[]
[]
[]
[]
[]
[]
[]
[]
[]
[]
[]
[]
[]
[]
[]
[]
[]
[]
[]
[]
[]
[]
[]
[]
[]
[]
[]
[]
[]
[]
[]
[]
[]
[]
[]
[]
[]
[]
[]
[]
[]
[]
[]
[]
[]
[]
[]
[]
[]
[]
[]
[]
[]
[]
[]
[]
[]
[]
[]
[]
[]
[]
[]
[]
[]
[]
[]
[]
[]
[]
[]
[]
[]
[]
[]
[]
[]
[]
[]
[]
[]
[]
[]
[]
[]
[]
[]
[]
[]
[]
[]
[]
[]
[]
[]
[]
[]
[]
[]
[]
[]
[]
[]
[]
[]
[]
[]
[]
[]
[]
[]
[]
[]
[]
[]
[]
[]
[]
[]
[]
[]
[]
[]
[]
[]
[]
[]
[]
[]
[]
[]
[]
[]
[]
[]
[]
[]
[]
[]
[]
[]
[]
[]
[]
[]
[]
[]
[]
[]
[]
[]
[]
[]
[]
[]
[]
[]
[]
[]
[]
[]
[]
[]
[]
[]
[]
[]
[]
[]
[]
[]
[]
[]
[]
[]
[]
[]
[]
[]
[]
[]
[]
[]
[]
[]
[]
[]
[]
[]
[]
[]
[]
[]
[]
[]
[]
[]
[]
[]
[]
[]
[]
[]
[]
[]
[]
[]
[]
[]
[]
[]
[]
[]
[]
[]
[]
[]
[]
[]
[]
[]
[]
[]
[]
[]
[]
[]
[]
[]
[]
[]
[]
[]
[]
[]
[]
[]
[]
[]
[]
[]
[]
[]
[]
[]
[]
[]
[]
[]
[]
[]
[]
[]
[]
[]
[]
[]
[]
[]
[]
[]
[]
[]
[]
[]
[]
[]
[]
[]
[]
[]
[]
[]
[]
[]
[]
[]
[]
[]
[]
[]
[]
[]
[]
[]
[]
[]
[]
[]
[]
[]
[]
[]
[]
[]
[]
[]
[]
[]
[]
[]
[]
[]
[]
[]
[]
[]
[]
[]
[]
[]
[]
[]
[]
[]
[]
[]
[]
[]
[]
[]
[]
[]
[]
[]
[]
[]
[]
[]
[]
[]
[]
[]
[]
[]
[]
[]
[]
[]
[]
[]
[]
[]
[]
[]
[]
[]
[]
[]
[]
[]
[]
[]
[]
[]
[]
[]
[]
[]
[]
[]
[]
[]
[]
[]
[]
[]
[]
[]
[]
[]
[]
[]
[]
[]
[]
[]
[]
[]
[]
[]
[]
[]
[]
[]
[]
[]
[]
[]
[]
[]
[]
[]
[]
[]
[]
[]
[]
[]
[]
[]
[]
[]
[]
[]
[]
[]
[]
[]
[]
[]
[]
[]
[]
[]
[]
[]
[]
[]
[]
[]
[]
[]
[]
[]
[]
[]
[]
[]
[]
[]
[]
[]
[]
[]
[]
[]
[]
[]
[]
[]
[]
[]
[]
[]
[]
[]
[]
[]
[]
[]
[]
[]
[]
[]
[]
[]
[]
[]
[]
[]
[]
[]
[]
[]
[]
[]
[]
[]
[]
[]
[]
[]
[]
[]
[]
[]
[]
[]
[]
[]
[]
[]
[]
[]
[]
[]
[]
[]
[]
[]
[]
[]
[]
[]
[]
[]
[]
[]
[]
[]
[]
[]
[]
[]
[]
[]
[]
[]
[]
[]
[]
[]
[]
[]
[]
[]
[]
[]
[]
[]
[]
[]
[]
[]
[]
[]
[]
[]
[]
[]
[]
[]
[]
[]
[]
[]
[]
[]
[]
[]
[]
[]
[]
[]
[]
[]
[]
[]
[]
[]
[]
[]
[]
[]
[]
[]
[]
[]
[]
[]
[]
[]
[]
[]
[]
[]
[]
[]
[]
[]
[]
[]
[]
[]
[]
[]
[]
[]
[]
[]
[]
[]
[]
[]
[]
[]
[]
[]
[]
[]
[]
[]
[]
[]
[]
[]
[]
[]
[]
[]
[]
[]
[]
[]
[]
[]
[]
[]
[]
[]
[]
[]
[]
[]
[]
[]
[]
[]
[]
[]
[]
[]
[]
[]
[]
[]
[]
[]
[]
[]
[]
[]
[]
[]
[]
[]
[]
[]
[]
[]
[]
[]
[]
[]
[]
[]
[]
[]
[]
[]
[]
[]
[]
[]
[]
[]
[]
[]
[]
[]
[]
[]
[]
[]
[]
[]
[]
[]
[]
[]
[]
[]
[]
[]
[]
[]
[]
[]
[]
[]
[]
[]
[]
[]
[]
[]
[]
[]
[]
[]
[]
[]
[]
[]
[]
[]
[]
[]
[]
[]
[]
[]
[]
[]
[]
[]
[]
[]
[]
[]
[]
[]
[]
[]
[]
[]
[]
[]
[]
[]
[]
[]
[]
[]
[]
[]
[]
[]
[]
[]
[]
[]
[]
[]
[]
[]
[]
[]
[]
[]
[]
[]
[]
[]
[]
[]
[]
[]
[]
[]
[]
[]
[]
[]
[]
[]
[]
[]
[]
[]
[]
[]
[]
[]
[]
[]
[]
[]
[]
[]
[]
[]
[]
[]
[]
[]
[]
[]
[]
[]
[]
[]
[]
[]
[]
[]
[]
[]
[]
[]
[]
[]
[]
[]
[]
[]
[]
[]
[]
[]
[]
[]
[]
[]
[]
[]
[]
[]
[]
[]
[]
[]
[]
[]
[]
[]
[]
[]
[]
[]
[]
[]
[]
[]
[]
[]
[]
[]
[]
[]
[]
[]
[]
[]
[]
[]
[]
[]
[]
[]
[]
[]
[]
[]
[]
[]
[]
[]
[]
[]
[]
[]
[]
[]
[]
[]
[]
[]
[]
[]
[]
[]
[]
[]
[]
[]
[]
[]
[]
[]
[]
[]
[]
[]
[]
[]
[]
[]
[]
[]
[]
[]
[]
[]
[]
[]
[]
[]
[]
[]
[]
[]
[]
[]
[]
[]
[]
[]
[]
[]
[]
[]
[]
[]
[]
[]
[]
[]
[]
[]
[]
[]
[]
[]
[]
[]
[]
[]
[]
[]
[]
[]
[]
[]
[]
[]
[]
[]
[]
[]
[]
[]
[]
[]
[]
[]
[]
[]
[]
[]
[]
[]
[]
[]
[]
[]
[]
[]
[]
[]
[]
[]
[]
[]
[]
[]
[]
[]
[]
[]
[]
[]
[]
[]
[]
[]
[]
[]
[]
[]
[]
[]
[]
[]
[]
[]
[]
[]
[]
[]
[]
[]
[]
[]
[]
[]
[]
[]
[]
[]
[]
[]
[]
[]
[]
[]
[]
[]
[]
[]
[]
[]
[]
[]
[]
[]
[]
[]
[]
[]
[]
[]
[]
[]
[]
[]
[]
[]
[]
[]
[]
[]
[]
[]
[]
[]
[]
[]
[]
[]
[]
[]
[]
[]
[]
[]
[]
[]
[]
[]
[]
[]
[]
[]
[]
[]
[]
[]
[]
[]
[]
[]
[]
[]
[]
[]
[]
[]
[]
[]
[]
[]
[]
[]
[]
[]
[]
[]
[]
[]
[]
[]
[]
[]
[]
[]
[]
[]
[]
[]
[]
[]
[]
[]
[]
[]
[]
[]
[]
[]
[]
[]
[]
[]
[]
[]
[]
[]
[]
[]
[]
[]
[]
[]
[]
[]
[]
[]
[]
[]
[]
[]
[]
[]
[]
[]
[]
[]
[]
[]
[]
[]
[]
[]
[]
[]
[]
[]
[]
[]
[]
[]
[]
[]
[]
[]
[]
[]
[]
[]
[]
[]
[]
[]
[]
[]
[]
[]
[]
[]
[]
[]
[]
[]
[]
[]
[]
[]
[]
[]
[]
[]
[]
[]
[]
[]
[]
[]
[]
[]
[]
[]
[]
[]
[]
[]
[]
[]
[]
[]
[]
[]
[]
[]
[]
[]
[]
[]
[]
[]
[]
[]
[]
[]
[]
[]
[]
[]
[]
[]
[]
[]
[]
[]
[]
[]
[]
[]
[]
[]
[]
[]
[]
[]
[]
[]
[]
[]
[]
[]
[]
[]
[]
[]
[]
[]
[]
[]
[]
[]
[]
[]
[]
[]
[]
[]
[]
[]
[]
[]
[]
[]
[]
[]
[]
[]
[]
[]
[]
[]
[]
[]
[]
[]
[]
[]
[]
[]
[]
[]
[]
[]
[]
[]
[]
[]
[]
[]
[]
[]
[]
[]
[]
[]
[]
[]
[]
[]
[]
[]
[]
[]
[]
[]
[]
[]
[]
[]
[]
[]
[]
[]
[]
[]
[]
[]
[]
[]
[]
[]
[]
[]
[]
[]
[]
[]
[]
[]
[]
[]
[]
[]
[]
[]
[]
[]
[]
[]
[]
[]
[]
[]
[]
[]
[]
[]
[]
[]
[]
[]
[]
[]
[]
[]
[]
[]
[]
[]
[]
[]
[]
[]
[]
[]
[]
[]
[]
[]
[]
[]
[]
[]
[]
[]
[]
[]
[]
[]
[]
[]
[]
[]
[]
[]
[]
[]
[]
[]
[]
[]
[]
[]
[]
[]
[]
[]
[]
[]
[]
[]
[]
[]
[]
[]
[]
[]
[]
[]
[]
[]
[]
[]
[]
[]
[]
[]
[]
[]
[]
[]
[]
[]
[]
[]
[]
[]
[]
[]
[]
[]
[]
[]
[]
[]
[]
[]
[]
[]
[]
[]
[]
[]
[]
[]
[]
[]
[]
[]
[]
[]
[]
[]
[]
[]
[]
[]
[]
[]
[]
[]
[]
[]
[]
[]
[]
[]
[]
[]
[]
[]
[]
[]
[]
[]
[]
[]
[]
[]
[]
[]
[]
[]
[]
[]
[]
[]
[]
[]
[]
[]
[]
[]
[]
[]
[]
[]
[]
[]
[]
[]
[]
[]
[]
[]
[]
[]
[]
[]
[]
[]
[]
[]
[]
[]
[]
[]
[]
[]
[]
[]
[]
[]
[]
[]
[]
[]
[]
[]
[]
[]
[]
[]
[]
[]
[]
[]
[]
[]
[]
[]
[]
[]
[]
[]
[]
[]
[]
[]
[]
[]
[]
[]
[]
[]
[]
[]
[]
[]
[]
[]
[]
[]
[]
[]
[]
[]
[]
[]
[]
[]
[]
[]
[]
[]
[]
[]
[]
[]
[]
[]
[]
[]
[]
[]
[]
[]
[]
[]
[]
[]
[]
[]
[]
[]
[]
[]
[]
[]
[]
[]
[]
[]
[]
[]
[]
[]
[]
[]
[]
[]
[]
[]
[]
[]
[]
[]
[]
[]
[]
[]
[]
[]
[]
[]
[]
[]
[]
[]
[]
[]
[]
[]
[]
[]
[]
[]
[]
[]
[]
[]
[]
[]
[]
[]
[]
[]
[]
[]
[]
[]
[]
[]
[]
[]
[]
[]
[]
[]
[]
[]
[]
[]
[]
[]
[]
[]
[]
[]
[]
[]
[]
[]
[]
[]
[]
[]
[]
[]
[]
[]
[]
[]
[]
[]
[]
[]
[]
[]
[]
[]
[]
[]
[]
[]
[]
[]
[]
[]
[]
[]
[]
[]
[]
[]
[]
[]
[]
[]
[]
[]
[]
[]
[]
[]
[]
[]
[]
[]
[]
[]
[]
[]
[]
[]
[]
[]
[]
[]
[]
[]
[]
[]
[]
[]
[]
[]
[]
[]
[]
[]
[]
[]
[]
[]
[]
[]
[]
[]
[]
[]
[]
[]
[]
[]
[]
[]
[]
[]
[]
[]
[]
[]
[]
[]
[]
[]
[]
[]
[]
[]
[]
[]
[]
[]
[]
[]
[]
[]
[]
[]
[]
[]
[]
[]
[]
[]
[]
[]
[]
[]
[]
[]
[]
[]
[]
[]
[]
[]
[]
[]
[]
[]
[]
[]
[]
[]
[]
[]
[]
[]
[]
[]
[]
[]
[]
[]
[]
[]
[]
[]
[]
[]
[]
[]
[]
[]
[]
[]
[]
[]
[]
[]
[]
[]
[]
[]
[]
[]
[]
[]
[]
[]
[]
[]
[null,null,null,null,null,null,null,null,null,null,null,null,null,null,null,null,null,89609894148,"Kirill.s.Saulin@ya.ru"]
[null,null,null,null,null,null,null,null,null,null,null,null,null,null,null,null,null,89139762128,"eldar.akchurin2018@gmail.com"]
[null,null,null,null,null,null,null,null,null,null,null,null,null,null,null,null,null,89083141620,"pingul@mail.ru"]
[null,null,null,null,null,null,null,null,null,null,null,null,null,null,null,null,null,89994578811,"katununtzev201yandex.ru"]

{"sheet":"LIST","index":1,"n_rows":36,"n_cols":9,"rows_kept":36,"cut":false,"hidden":false,"merged":[[0,7,0,8],[29,0,29,1],[31,5,31,8]]}
[null,{"$f":"\" ЭКЗАМЕНАЦИОННЫЙ ЛИСТ №  \"&VLOOKUP($A$7,DATA!$A$14:$S$100444,1,TRUE)&\"/\"&VLOOKUP($A$7,DATA!$A$14:$S$100444,3,TRUE)","v":" ЭКЗАМЕНАЦИОННЫЙ ЛИСТ №  14852/Тетушкин "},null,"                                           ЭКЗАМЕНАЦИОННАЯ ВЕДОМОСТЬ",null,null,null,{"$f":"VLOOKUP($A$7,DATA!$A$14:$X$99920,10,TRUE)","v":"Россия / RUS"}]
[null,"     ",null,"                          Результаты квалификационных испытаний "]
[null,{"$f":"\" Имя    \"&VLOOKUP($A$7,DATA!$A$14:$X$99920,4,TRUE)","v":" Имя    Роман"},null,"                                     по теоретической подготовке ",null,null,"Билет №",{"$f":"RIGHT(A7)","v":"6"}]
["Место",null,null,null,"Наименование дисциплины ","часов","Оценка ","Дата ","фамилия "]
["для ",{"$f":"\" Имя    \"&VLOOKUP($A$7,DATA!$A$14:$X$99920,5,TRUE)","v":" Имя    Тимофеевич"},null,"№ ",null,null,null,null,"экзаменатора"]
["фото","    ",null,"  1.","Теория и устройство парусной яхты.",8,"хор",{"$f":"TODAY()","v":"2025-03-11"}]
[15066,{"$f":"\" Name    \"&VLOOKUP($A$7,DATA!$A$14:$X$99920,6,TRUE)","v":" Name    Tetushkin Roman"},null,"  2.","Судовождение.",2,"отл",{"$f":"TODAY()","v":"2025-03-11"}]
[null,"                                 Фамилия, имя  на английском языке",null,null," Лоция и Навигация.",4,"отл","2025-03-11"]
[null,null,null,"  3.","Управление парусной яхтой",8,"хор","2025-03-11"]
[{"$f":"\"Год, дата рождения и место рождения   \"&VLOOKUP($A$7,DATA!$A$14:$X$99920,7,TRUE)&VLOOKUP($A$7,DATA!$A$14:$X$99920,8,TRUE)","v":"Год, дата рождения и место рождения   41155MOSCOW"},null,null,"  4.","Эксплуатация яхты.",2,"отл","2025-03-11"]
[{"$f":"\"Индекс, домашний адрес :    \"","v":"Индекс, домашний адрес :    "},null,null,null,"Такелажное дело",4,"отл","2025-03-11"]
[{"$f":"VLOOKUP($A$7,DATA!$A$14:$X$99920,13,TRUE)","v":0},null,null,"  5.","Правила плавания.",2,"хор","2025-03-11"]
[{"$f":"\"Тел:  \"&VLOOKUP($A$7,DATA!$A$14:$S$100444,19,TRUE)","v":"Тел:  "},{"$f":"\"эл.почта     \"&VLOOKUP($A$7,DATA!$A$14:$S$100444,18,TRUE)","v":"эл.почта     "},null,null," МППСС и  ППВВП",2,"отл","2025-03-11"]
[{"$f":"\"Паспорт, серия,  №,  дата выдачи,  кем, и где выдан \"","v":"Паспорт, серия,  №,  дата выдачи,  кем, и где выдан "},null,null,"  6.","Гидрометеорология",3,"отл","2025-03-11"]
[{"$f":"VLOOKUP($A$7,DATA!$A$14:$X$99920,14,TRUE)","v":0},null,null,"  7.","Сигнализация и связь",2,"хор","2025-03-11"]
[null,null,null,"  8.","Курс выживания и спасения на море",4,"отл","2025-03-11"]
[null,null,null,"  9.","Способы личного выживания \nи оказания первой помощи",4,"отл","2025-03-11"]
["Личная подпись   __________",null,null," 10.","Правила парусных соревнований",12,"хор","2025-03-11"]
[null,null,null,"*11","Английский язык - термины в правилах парусных соревнований и морской практике",2,"отл","2025-03-11"]
["Отметка врача о допуске к занятиям парусным спортом:",null,null,"       Заключение по результатам квалификационных испытаний "]
["______________________________________________________",null,null,{"$f":"\"по теоретической подготовке\"","v":"по теоретической подготовке"},null,null,{"$f":"B26","v":"РУЛЕВОЙ буера"},{"$f":"IF(VLOOKUP($A$7,DATA!$A$14:$S$100444,2,TRUE)=\"YSC\",\"ПРИБРЕЖНОГО  ПЛАВАНИЯ \",\"\")","v":""},{"$f":"IF(VLOOKUP($A$7,DATA!$A$14:$S$100444,2,TRUE)=\"DS\",\"ДНЕВНОГО   ПЛАВАНИЯ \",\"\")","v":""}]
["Отметка о плавательной (судоводительской) практике:",null,null,{"$f":"\"Председателя экзаменационной комиссии  г.Москвы  _________           \"","v":"Председателя экзаменационной комиссии  г.Москвы  _________           "},null,null,null,null," Маслов А.О."]
[{"$f":"\"   \"&VLOOKUP($A$7,DATA!$A$14:$X$99920,4,TRUE)&\" занимается с   \"&VLOOKUP($A$7,DATA!$A$14:$X$99920,17,TRUE)&\" года\"","v":"   Роман занимается с   2023 года"},null,null,"                                                                 ( подпись, фамилия, дата)",null,null,null,null,{"$f":"H1","v":"Россия / RUS"}]
["                                       ( фамилия, имя, отчество )                                                   ",null,null,"                            Результаты квалификационных испытаний "]
["Практические навыки по управлению яхтой получил(а) ",null,null,"                                      по практической подготовке:       "]
[" в качестве -",{"$f":"IF(VLOOKUP($A$7,DATA!$A$14:$S$100444,2,TRUE)=\"Sailing Boat Helmsman 22\",\"   ЯХТЕННЫЙ РУЛЕВОЙ 22 м.кв\",\"РУЛЕВОЙ буера\")","v":"РУЛЕВОЙ буера"},null,{"$f":"\"Дата/Акватория \"","v":"Дата/Акватория "},null,null,null,null,{"$f":"\"  \"&VLOOKUP($A$7,DATA!$A$14:$S$100444,11,TRUE)","v":"  Квалификационная Комиссия ВФПС"}]
[{"$f":"\" уч.центр     \"&VLOOKUP($A$7,DATA!$A$14:$S$100444,12,TRUE)","v":" уч.центр     Детска Парусная школа МореСолька, санаторна 6а, г.Москва "},null,null,{"$f":"\" Гидрометеорологические условия:  \"","v":" Гидрометеорологические условия:  "},null,null,null,null,{"$f":"\"   \"&VLOOKUP($A$7,DATA!$A$14:$S$100444,12,TRUE)","v":"   Детска Парусная школа МореСолька, санаторна 6а, г.Москва "}]
[" ( должность в команде яхты )",null,"Рулевой"," Заключение по результатам квалификационных испытаний:"]
[{"$f":"\"   \"&VLOOKUP($A$7,DATA!$A$14:$S$100444,11,TRUE)","v":"   Квалификационная Комиссия ВФПС"},null,null,"         Подпись экзаменатора: ________________         Маслов А.О.          ",null,null,null,null,{"$f":"H1","v":"Россия / RUS"}]
["(Дата / акватория/  тип судна / длина яхты/ )",null,null,"    председателя экзаменационной комиссии г. Москвы         (подпись, фамилия, дата)"]
["и  овладел необходимыми навыками и рекомендуется к сдаче экзаменов",null,null,"                       Отметка о присвоении квалификационного звания:"]
["на звание яхтенного рулевого парусной яхты.",null,null,null,{"$f":"B26","v":"РУЛЕВОЙ буера"}]
["Приложение ( Копия судовой роли,  диплома об окончании курса …и.т.п.)",null,null,null,null,"Протокол   (№  и дата)   ",{"$f":"VLOOKUP($A$7,DATA!$A$14:$X$99920,16,TRUE)","v":"2010/2025 КВ от 07.01.2025"}]
["Рулевой–инструктор _________________( подпись, фамилия, дата) "]
[{"$f":"VLOOKUP($A$7,DATA!$A$14:$X$99920,12,TRUE)","v":"Детска Парусная школа МореСолька, санаторна 6а, г.Москва "},null,null,"Подпись Председателя Квалификационной комиссии  ВФПС :                 "]
[" место печати школы     /подпись руководителя яхт-клуба (школы) фамилия, дата/"]

{"sheet":"IO 1","index":2,"n_rows":15,"n_cols":3,"rows_kept":15,"cut":false,"hidden":false,"merged":[[1,1,1,2],[13,1,13,2],[14,1,14,2],[11,2,12,2]]}
["Экзаменационные вопросы  - РУЛЕВОЙ  ПАРУСНОЙ ЯХТЫ 6 кв.м",null,{"$f":"LIST!H1","v":"Россия / RUS"}]
[null,"КВАЛИФИКАЦИОННЫЕ ТРЕБОВАНИЯ ПОДГОТОВКИ РУЛЕВЫХ И КАПИТАНОВ ПАРУСНЫХ ЯХТ"]
[null,"Экзаменатор  - Маслов А.О.",{"$f":"\"Испытуемый  \"&LIST!B3","v":"Испытуемый   Имя    Роман"}]
[null,"Билет  БУЕР INTERNATIONAL OPTIMIST",{"$f":"LIST!H3","v":"6"}]
[null,"Дисциплина     Личная Безопасность"]
[null,{"$f":"\"ответить на вопрос           \"     &  CHAR(10) &  CHAR(10) &          VLOOKUP(IF(($C$4+RANDBETWEEN(1,20))<20,RANDBETWEEN(1,20),RANDBETWEEN(1,20)),Безопасность!A1:C20,2,FALSE)","v":"ответить на вопрос           \n\n"},{"$f":"\"           БЕЗОПАСНОСТЬ       \"     &  CHAR(10) &  \"ответить на вопрос  \"&CHAR(10) &          VLOOKUP(IF(($C$4+RANDBETWEEN(1,20))<20,RANDBETWEEN(1,20),RANDBETWEEN(1,20)),Безопасность!G1:H20,2,FALSE)","v":"           БЕЗОПАСНОСТЬ       \nответить на вопрос  \nОпрокидывание буера; действия рулевого."}]
[null,{"$f":"\"            ответить на вопрос           \"     &  CHAR(10) &           VLOOKUP(IF(($C$4+RANDBETWEEN(1,20))<20,RANDBETWEEN(1,20),RANDBETWEEN(1,20)),Навигация!A1:C20,2,FALSE)","v":"            ответить на вопрос           \nКурсы буера относительно ветра: “на ветер”, “по ветру”, левентик. "},"Перечислить опасные места на льду:\n-\n-\n-\nВопрос - Как выбраться из полыньи?"]
[1,"ОБЩИЕ СВЕДЕНИЯ ОБ УСТРОЙСТВЕ БУЕРА"]
[null,"Подписать части буера"]
[]
[null,{"$f":"\"Практические навыки  управление яхтой. Напишите что вы делаете при:     \"     &  CHAR(10) &  CHAR(10)&           VLOOKUP(IF(($C$4+RANDBETWEEN(1,20))<20,RANDBETWEEN(1,20),RANDBETWEEN(1,20)),Практика!A1:B20,2,FALSE)","v":"Практические навыки  управление яхтой. Напишите что вы делаете при:     \n\nВаши действия  в ситуации « ВАШ Буер опрокинулся»."},"Подписать Части конька буера"]
[null,{"$f":"\"            ответить на вопрос           \"     &  CHAR(10) &           VLOOKUP(IF(($C$4+RANDBETWEEN(1,20))<20,RANDBETWEEN(1,20),RANDBETWEEN(1,20)),Управление!A1:D20,2,FALSE)","v":"            ответить на вопрос           \nКурсы буера относительно ветра: “на ветер”, “по ветру”, левентик. "},"Вымпельный ветер. Буерный эффект. \nНарисовать и дать пояснения"]
[null,{"$f":"\" ВОПРОС  \"&CHAR(10)& VLOOKUP(IF(($C$4+RANDBETWEEN(1,40))<40,RANDBETWEEN(1,40),RANDBETWEEN(1,40)),Правила!D1:E40,2,FALSE)","v":" ВОПРОС  \nКто имеет право дороги на острых и полных курсах и почему?"}]
[null,{"$f":"\"Правила Расхождения Буеров   \"&CHAR(10)&\n\"Кто должен уступить дорогу?? И Почему???\nПояснить     \"&CHAR(10)&\nVLOOKUP(IF(($C$4+RANDBETWEEN(1,12))<20,RANDBETWEEN(1,12),RANDBETWEEN(1,12)),'Право дороги'!A1:B12,2,FALSE)","v":"Правила Расхождения Буеров   \nКто должен уступить дорогу?? И Почему???\nПояснить     \nПравило 5 B  Когда буера, идут одним галсом, обгоняющий буер не должен ___________________"}]
[null,{"$f":"\" Правила огибания знаков БУЕРАМИ \"&\nCHAR(10)& \"Кто имеет право на место у знака??  \"&\nCHAR(10)&\"Пояснить    \"&VLOOKUP(IF(($C$4+RANDBETWEEN(13,25))<25,RANDBETWEEN(13,25),RANDBETWEEN(13,25)),'Право дороги'!A13:B25,2,FALSE)","v":" Правила огибания знаков БУЕРАМИ \nКто имеет право на место у знака??  \nПояснить    Правило 8 А2. При приближении или огибании буерами верхнего ЗНАКА на остром курсе наружный буер должен ___________________________"}]

{"sheet":"IO 2","index":3,"n_rows":15,"n_cols":3,"rows_kept":15,"cut":false,"hidden":false,"merged":[[1,1,1,2],[14,1,14,2],[13,1,13,2],[11,2,12,2]]}
["Экзаменационные вопросы  - РУЛЕВОЙ  ПАРУСНОЙ ЯХТЫ 6 кв.м",null,{"$f":"LIST!H1","v":"Россия / RUS"}]
[null,"КВАЛИФИКАЦИОННЫЕ ТРЕБОВАНИЯ ПОДГОТОВКИ РУЛЕВЫХ И КАПИТАНОВ ПАРУСНЫХ ЯХТ"]
[null,"Экзаменатор  - Маслов А.О.",{"$f":"\"Испытуемый  \"&LIST!B3","v":"Испытуемый   Имя    Роман"}]
[null,"Билет  БУЕР INTERNATIONAL OPTIMIST",{"$f":"LIST!H3","v":"6"}]
[null,"Дисциплина     Личная Безопасность"]
[null,{"$f":"\"ответить на вопрос           \"     &  CHAR(10) &  CHAR(10) &          VLOOKUP(IF(($C$4+RANDBETWEEN(1,20))<20,RANDBETWEEN(1,20),RANDBETWEEN(1,20)),Безопасность!A1:C20,2,FALSE)","v":"ответить на вопрос           \n\nКак подавать сигналы бедствия"},{"$f":"\"            Правила безопасности в гонках Гоноках  на буерах       \"     &  CHAR(10) &  \"ответить на вопрос  \"&CHAR(10) &          VLOOKUP(IF(($C$4+RANDBETWEEN(1,20))<20,RANDBETWEEN(1,20),RANDBETWEEN(1,20)),Безопасность!G1:H20,2,FALSE)","v":"            Правила безопасности в гонках Гоноках  на буерах       \nответить на вопрос  \nСПЕЦИАЛЬНЫЕ ПРАВИЛА ДЛЯ  ГОНОК\n Переносное оборудование должно быть в наличии на Буере в гонке:\n-1\n- 2\n- 3"}]
[null,{"$f":"\"            ответить на вопрос           \"     &  CHAR(10) &           VLOOKUP(IF(($C$4+RANDBETWEEN(1,20))<20,RANDBETWEEN(1,20),RANDBETWEEN(1,20)),Навигация!A1:C20,2,FALSE)","v":"            ответить на вопрос           \nПроверка Буера перед выходом на соответствие правилам класса"},"Расказать про правила безопасности на льду?"]
[1,"ОБЩИЕ СВЕДЕНИЯ ОБ УСТРОЙСТВЕ БУЕРА"]
[null,"Подписать части буера"]
[]
[null,{"$f":"\"Практические навыки  управление яхтой. Напишите что вы делаете при:     \"     &  CHAR(10) &  CHAR(10)&           VLOOKUP(IF(($C$4+RANDBETWEEN(1,20))<20,RANDBETWEEN(1,20),RANDBETWEEN(1,20)),Практика!A1:B20,2,FALSE)","v":"Практические навыки  управление яхтой. Напишите что вы делаете при:     \n\n Выход из гавани буера ."}]
[null,{"$f":"\"            ответить на вопрос           \"     &  CHAR(10) &           VLOOKUP(IF(($C$4+RANDBETWEEN(1,20))<20,RANDBETWEEN(1,20),RANDBETWEEN(1,20)),Управление!A1:D20,2,FALSE)","v":"            ответить на вопрос           \nПриведение к ветру и уваливание. "},"Вымпельный ветер. Буерный эффект. \nНарисовать и дать пояснения"]
[null,{"$f":"\" ВОПРОС  \"&CHAR(10)& VLOOKUP(IF(($C$4+RANDBETWEEN(1,40))<40,RANDBETWEEN(1,40),RANDBETWEEN(1,40)),Правила!D1:E40,2,FALSE)","v":" ВОПРОС  \nРазрешено ли спортсмену снимать защитный шлем между гонками ?"}]
[null,{"$f":"\"Правила Расхождения Буеров   \"&CHAR(10)&\n\"Кто должен уступить дорогу?? И Почему???\nПояснить     \"&CHAR(10)&\nVLOOKUP(IF(($C$4+RANDBETWEEN(1,12))<20,RANDBETWEEN(1,12),RANDBETWEEN(1,12)),'Право дороги'!A1:B12,2,FALSE)","v":"Правила Расхождения Буеров   \nКто должен уступить дорогу?? И Почему???\nПояснить     \nПравило 3 А. Когда буера идут разными ГАЛСАМИ на ПОЛНОМ КУРСЕ (по ветру) , ТО буер, идущий ЛЕВЫМ ГАЛСОМ, должен _________________________________________________"}]
[null,{"$f":"\" Правила огибания знаков БУЕРАМИ \"&\nCHAR(10)& \"Кто имеет право на место у знака??  \"&\nCHAR(10)&\"Пояснить    \"&VLOOKUP(IF(($C$4+RANDBETWEEN(13,25))<25,RANDBETWEEN(13,25),RANDBETWEEN(13,25)),'Право дороги'!A13:B25,2,FALSE)","v":" Правила огибания знаков БУЕРАМИ \nКто имеет право на место у знака??  \nПояснить    Правило 8 D 2. При приближении или огибании Нижнего ЗНАКА Более быстро идущий буер не должен мешать ___________"}]

{"sheet":"Безопасность","index":4,"n_rows":24,"n_cols":8,"rows_kept":24,"cut":false,"hidden":false,"merged":[]}
[1,"Какие действия следует предпринять, если видишь сигнал бедствия.",null,null,1,"Если два Буера идут курсами, пересекающимися таким образом, что может возникнуть опасность столкновения, то: \n- 1.\n- 2.\n- 3.",1,"Подход буера к препятствию. "]
[2,"Что ты можешь сделать увидев сигнал бедствия?",null,null,2,"Буера должны пересекать судовой ход под углом -…......?",2,"Опрокидывание буера; действия рулевого."]
[3,"Что ты сделаешь если объявлена спасательная операция.",null,null,3,"Буера  должны выполнять оборот, связанный с пересечением судового хода, таким образом, чтобы ",3," Буер попал в полынью одним коньком или провалился полностью; действия рулевого. "]
[4,"Какие виды помощи на льду существуют",null,null,4,"Буера должны пересекать судовой ход под углом -…......?",4,"Поломка на ходу румпеля, балки мачты, рулевой тяги, конёк попал в трещину (согнулся или сломался пополам); действия рулевого."]
[5,"Правила поведения на льду",null,null,5,"Буера  должны выполнять оборот, связанный с пересечением судового хода, таким образом, чтобы ",5,"Подход буера к препятствию. "]
[6,"Индивидуальные сигнальные устройства",null,null,6,"Аварии буера  и их ликвидация. ",6,"Опрокидывание буера; действия рулевого."]
[7,"Предотвращение выпадения человек из буера",null,null,7,"Опрокидывание буера во время гонок на чистом льду, действия водителя. ",7," Буер попал в полынью одним коньком или провалился полностью; действия рулевого. "]
[8,"Какие могут возникнуть сложности при спасении «человека  провалившегося под лед\"???",null,null,8,"Буер провалился под лёд на осеннем льду; на весеннем льду. ",8,"Поломка на ходу румпеля, балки мачты, рулевой тяги, конёк попал в трещину (согнулся или сломался пополам); действия рулевого."]
[9,"Что ты будешь делать если ты оказался в воде.",null,null,9,"В чём различия методов ликвидации аварии, техника безопасности. ",9,"Поломка на ходу румпеля, балки мачты, рулевой тяги, конёк попал в трещину (согнулся или сломался пополам); действия рулевого."]
[10,"Как подойти к человеку оказавшемуся  в воде на льду???",null,null,10,"При движении буера лёд потрескивает, действия водителя буера.",10,"СПЕЦИАЛЬНЫЕ ПРАВИЛА ДЛЯ  ГОНОК\n Переносное оборудование должно быть в наличии на Буере в гонке:\n-1\n- 2\n- 3"]
[11,"В чем опасность близости буера  на скорости к человеку; ",null,null,11,"Аварии буера  и их ликвидация. ",11,"Подход буера к препятствию. "]
[12,"Какие существуют способы подъема человека  провалившегося  под лед",null,null,12,"Опрокидывание буера во время гонок на чистом льду, действия водителя. ",12,"Опрокидывание буера; действия рулевого."]
[13,"Что вы будете делать при усилении ветра до штормового.",null,null,13,"Буер провалился под лёд на осеннем льду; на весеннем льду. ",13," Буер попал в полынью одним коньком или провалился полностью; действия рулевого. "]
[14,"Уменьшение площади парусов; ",null,null,14,"Буер провалился под лёд на осеннем льду; на весеннем льду. ",14,"Поломка на ходу румпеля, балки мачты, рулевой тяги, конёк попал в трещину (согнулся или сломался пополам); действия рулевого."]
[15,"Как подавать сигналы бедствия",null,null,15,"При движении буера лёд потрескивает, действия водителя буера.",15,"Перечислите что  запрещается буеру: \n- 1.\n- 2.\n- 3."]
[16,"Сигнализация «человек  провалился под лед»; ",null,null,16,"Аварии буера  и их ликвидация. ",16,"Если два Буера следуют курсами, пересекающимися таким образом, что может возникнуть опасность столкновения, то:\n-1.\n-2."]
[17,"Реагирование на сигналы бедствия; ",null,null,17,"Опрокидывание буера во время гонок на чистом льду, действия водителя. ",17,"Если два Буера идут курсами, пересекающимися таким образом, что может возникнуть опасность столкновения, то: \n- 1.\n- 2.\n- 3."]
[18,"Каким жестом вы можете  отказаться от помощи",null,null,18,"Буер провалился под лёд на осеннем льду; на весеннем льду. ",18,"Подход буера к препятствию. "]
[19,null,null,null,19,"В чём различия методов ликвидации аварии, техника безопасности. ",19,"Опрокидывание буера; действия рулевого."]
[20,null,null,null,20,"При движении буера лёд потрескивает, действия водителя буера.",20," Буер попал в полынью одним коньком или провалился полностью; действия рулевого. "]
[21,"Правила безопасности на Буере",null,null,null,null,null,"Поломка на ходу румпеля, балки мачты, рулевой тяги, конёк попал в трещину (согнулся или сломался пополам); действия рулевого."]
[22,"Проверка Буера перед выходом на соответствие правилам класса"]
[23,"Проверка Буера перед выходом на соответствие  закрепленного оборудования и снабжения."]
[24,"Помощь  находящимся в опасности"]

{"sheet":"Конструкция Буера","index":5,"n_rows":45,"n_cols":3,"rows_kept":45,"cut":false,"hidden":false,"merged":[]}
[1,"Основные части корпуса буера ?????","Носовая и кормовая часть, правы и левый борт, днище."]
[2,"Основные детали корпуса буера????","Бортовая дощечка правая и левая, передняя, задняя бобышка, поперечный набор, подмачтовая коробка, обшивка корпуса, буртики, кницы, упоры балки."]
[3,"Рулевое управление буера ????","Поворотная муфта переднего конька, тяга, задняя вилка румпеля, румпель."]
[4,"Подмачтовая шаровая опора ???","Постоянная, на ползуне."]
[5,"Рейка крепления гика-шкотов на палубе, передняя оковка, ватер-краспица.","Рейка крепления гика-шкотов на палубе, передняя оковка, ватер-краспица."]
[6,"Рангоут, состав и разрешенные материалы для изготовления","Мачта, гик."]
[7,"Балка ???","Крепление муфт, их параллельность, крепление балки к корпусу."]
[8,"Такелаж стоячий ???","Ванты, штаг, ватер-штаг. "]
[9,"Такелаж бегучий: фалы, шкоты.","Фалы, шкоты."]
[10,"Дельные вещи Буера???","Блоки, талрепы, стопора, болты крепления балки, коньков, мочки."]
[11,"Порядок вооружения и настроек корпуса буера."]
[12,"Подъём и опускание мачты с парусом и без паруса. ","Установка коньков, Установка мачты, Подьем паруса, Проводка шкотов"]
[13,"Парус и его части.","Название шкаторин и углов: боуты, ликторс, булинь, люверсы, латкарманы, латы, фаловая дощечка. "]
[14,"Способы крепления шкаторин к рангоуту: ликпаз, раксы.","Ликпаз, раксы."]
[15,"Смотровые окна на парусе буера, их размер. "]
[16,"Основные части корпуса буера ?????"]
[17,"Основные детали корпуса буера????"]
[18,"Рулевое управление буера ????"]
[19,"Подмачтовая шаровая опора ???"]
[20,"Рейка крепления гика-шкотов на палубе, передняя оковка, ватер-краспица."]
[21,"Рангоут, состав и разрешенные материалы для изготовления"]
[22,"Балка ???"]
[23,"Такелаж стоячий ???"]
[24,"Такелаж бегучий: фалы, шкоты."]
[25,"Дельные вещи Буера???"]
[26,"Порядок вооружения и настроек корпуса буера."]
[27,"Подъём и опускание мачты с парусом и без паруса. "]
[28,"Парус и его части."]
[29,"Способы крепления шкаторин к рангоуту: ликпаз, раксы."]
[30,"Смотровые окна на парусе буера, их размер. "]
[31,"Основные части корпуса буера ?????"]
[32,"Основные детали корпуса буера????"]
[33,"Рулевое управление буера ????"]
[34,"Подмачтовая шаровая опора ???"]
[35,"Рейка крепления гика-шкотов на палубе, передняя оковка, ватер-краспица."]
[36,"Рангоут, состав и разрешенные материалы для изготовления"]
[37,"Балка ???"]
[38,"Такелаж стоячий ???"]
[39,"Такелаж бегучий: фалы, шкоты."]
[40,"Дельные вещи Буера???"]
[41,"Порядок вооружения и настроек корпуса буера."]
[null,"Подъём и опускание мачты с парусом и без паруса. "]
[null,"Парус и его части."]
[null,"Способы крепления шкаторин к рангоуту: ликпаз, раксы."]
[null,"Смотровые окна на парусе буера, их размер. "]

{"sheet":"Правила","index":6,"n_rows":40,"n_cols":9,"rows_kept":40,"cut":false,"hidden":false,"merged":[]}
[1,"Прекращать. ","Прекращать. Гонка, которую прекращает гоночный или протестовый комитет, считается недействительной, но она может быть повторена.",1,"Буер В обязан уступить дорогу ?  на одном галсе , чисто впереди-чисто позади",null,null,null,"на одном галсе , чисто впереди-чисто позади"]
[2,"Чисто позади и чисто впереди; связаны.","Чисто позади и чисто впереди; связаны. Яхта находится чисто позади другой яхты, когда её корпус и оборудование в нормальном положении находятся позади траверза самой задней точки корпуса или оборудования другой яхты (в нормальном положении). Другая яхта находится чисто впереди. Яхты связаны, если ни одна из них не находится чисто позади другой. Они, однако, так же связаны, если яхта, находящаяся между ними, связана с обеими. Эти термины всегда применимы к яхтам, находящимся на одном галсе. Они не применяются к яхтам, находящимся на противоположных галсах, за исключением случаев, когда применяется правило 18  или когда обе яхты идут под углом более 90° к направлению истинного ветра.",2,"Буер В обязан уступить дорогу ?  на одном галсе , чисто впереди-чисто позади"]
[3,"Выходить на знак. ","Выходить на знак. Яхта выходит на знак, если она находится в такой позиции, что может, не изменяя галса, пройти знак с наветренной стороны и оставить его с предписанной стороны.",3,"Буерная Дистанция и ее виды "]
[4,"Финиш. ","Финиш. Яхта финиширует, когда любая часть её корпуса, экипажа или оборудования в их нормальном положении  пересекает финишную линию в направлении от последнего знака или впервые, или после выполнения наказания согласно правилу 44.2, либо после исправления по правилу 28.1 ошибки, сделанной у финишной линии.",4,"Буерная Дистанция и ее виды "]
[5,"Заинтересованная сторона. ","Заинтересованная сторона. Любое лицо, которое может выиграть либо потерять вследствие решения протестового комитета или явно лично заинтересованное в таком решении.",5,"В каких случаях старт гонка может быть прекращена?"]
[6,"Сторониться. ","Сторониться. Яхта сторонится  другой яхты, если та может идти своим курсом без необходимости предпринимать избегающие действия, и когда яхты связаны на одном галсе, если подветренная яхта может изменить курс в любом направлении без немедленного касания наветренной яхты.",6,"В каких случаях старт может быть отложен?"]
[7,"Подветренная и наветренная. ","Подветренная и наветренная. Подветренная сторона яхты - это сторона, противоположная той, на которую дует ветер, или которая была противоположной до того, как яхта оказалась в положении носом против ветра. Однако, если яхта идет по ветру, и ветер дует со стороны, на которой она несёт свой грот, или чисто в корму, то подветренной стороной считается сторона, на которой находится грот. Другая сторона яхты - наветренная. Когда две яхты находятся на одном и том же галсе и связаны, то подветренной считают ту яхту, которая находится на подветренной стороне другой яхты. Другая яхта является наветренной.",7,"Дать опредление термину \"Гонка\" "]
[8,"Знак. ","Знак. Объект, который гоночная инструкция требует оставлять с предписанной стороны от яхты, и судно гоночного комитета, окруженное свободной водой и от которого проходит стартовая или финишная линия. Якорный канат и любые предметы, случайно или временно присоединенные к знаку, не считаются его частью.",8,"Является ли перевернувшийся  Буер препятствием?"]
[9,"Место у знака. ","Место у знака. Место, нужное яхте, чтобы идти к знаку, и затем место, нужное ей, чтобы идти надлежащим курсом у знака. Однако место у знака не включает место для поворота оверштаг; исключением является ситуация, когда яхта внутренняя и связана с наветренной стороны с яхтой, обязанной предоставить место у знака.   ",9,"Дать опредление термину \"Гонка\" "]
[10,"Препятствие. ","Препятствие. Объект, который яхта, находясь от него на расстоянии длины своего корпуса и идя прямо на него, не могла бы обойти без существенного изменения курса. Препятствием является также, который можно безопасно пройти только с одной стороны. Гоночная инструкция может предписать, что определенные зоны акватории должны рассматриваться как препятствия. Однако яхта, находящаяся в гонке, не является препятствием для других яхт, если они не должны сторониться её или предоставлять место или место у знака, или избегать ее, согласно правилу 22. Судно на ходу, включая яхту, находящуюся в гонке, никогда не является препятствием большой протяжённости.",10,"Какаой из Буеров имеет право дороги ?    правый-левый галс -галфвинд"]
[11,"Сторона. ","Сторона. Стороны, участвующие в рассмотрении: протестующая; опротестованная; яхта, требующая исправления результата; яхта или спортсмен, которые могут быть наказаны по правилу 69.1; гоночный комитет или проводящая организация при рассмотрении по правилу 62.1(а).",11,"Какая из Буеров имеет право дороги ? (подветренный-наветренный)"]
[12,"Откладывать. ","Откладывать. Отложенной называют гонку, старт которой не будет дан в назначенное время, но которая может быть проведена или прекращена позже.",12,"Какой Буер считается финишировавшим?"]
[13,"Надлежащий курс. ","Надлежащий курс. Курс, которым яхта могла бы идти  к финишу как можно быстрее в отсутствии других яхт, о которых идёт речь в правилах, использующих этот термин. Яхта не имеет надлежащего курса до сигнала «Старт открыт» для неё.",13,"Какой из Буеров имеет право дороги ? (подветренный-наветренный)"]
[14,"Протест. ","Протест. Заявление яхты, гоночного комитета или протестового комитета по правилу 61.2 о том, что какая-то яхта нарушила правила.",14,"Кто имеет право дороги ? правый-левый , полный курс",null,null,null,"правый-левый , полный курс"]
[15,"Гонка. ","Гонка. Яхта находится в гонке с момента сигнала «Подготовительный» для неё и до тех пор, когда она финишировала и отошла от финишной линии и финишных знаков или вышла из гонки, или когда гонка была отложена или прекращена, или был дан сигнал общего отзыва.",15,"Кто имеет право дороги ? правый-левый , полный курс"]
[16,"Место. ","Место. Пространство, необходимое яхте для маневрирования без задержки в соответствии с хорошей морской практикой в существующих условиях.",16,"Кто имеет право дороги ? правый-левый галс, зона знака",null,null,null,"правый-левый галс, зона знака"]
[17,"Выполнение наказания","720 и 360 град",17,"Кто имеет право дороги ? Связанносты , место у знака",null,null,null,"Связанность , место у знака"]
[18,"Старт. ","Старт. Яхта стартует, когда она, будучи полностью на предстартовой стороне стартовой линии в момент или после сигнала \"Старт открыт\" для неё и выполнив, если нужно, требования правила 30.1, пересекает стартовую линию любой частью своего корпуса, экипажа или оборудования в направлении первого знака.",18,"Кто имеет право дороги на острых и полных курсах и почему?"]
[19,"Галс, правый галс или левый галс. ","Галс, правый галс или левый галс. Яхта находится на галсе, правом или левом, в соответствии с тем, какая сторона у нее наветренная.",19,"Кто имеет право дороги на острых и полных курсах и почему?"]
[20,"Зона. ","Зона. Пространство вокруг знака в пределах трёх длин корпуса яхты, ближайшей к нему. Яхта находится в зоне, если любая часть её корпуса находится в зоне.",20,"Кто имеет право дороги? правый-левый",null,null,null,"правый-левый"]
[21,"Прекращать. ","Прекращать. Гонка, которую прекращает гоночный или протестовый комитет, считается недействительной, но она может быть повторена.",21,"Кто имеет преимущество при огибании знака?"]
[22,"Чисто позади и чисто впереди; связаны.","Чисто позади и чисто впереди; связаны. Яхта находится чисто позади другой яхты, когда её корпус и оборудование в нормальном положении находятся позади траверза самой задней точки корпуса или оборудования другой яхты (в нормальном положении). Другая яхта находится чисто впереди. Яхты связаны, если ни одна из них не находится чисто позади другой. Они, однако, так же связаны, если яхта, находящаяся между ними, связана с обеими. Эти термины всегда применимы к яхтам, находящимся на одном галсе. Они не применяются к яхтам, находящимся на противоположных галсах, за исключением случаев, когда применяется правило 18  или когда обе яхты идут под углом более 90° к направлению истинного ветра.",22,"Кто имеет преимущество при огибании знака?"]
[23,"Выходить на знак. ","Выходить на знак. Яхта выходит на знак, если она находится в такой позиции, что может, не изменяя галса, пройти знак с наветренной стороны и оставить его с предписанной стороны.",23,"Кто нарушил правила?     чисто впереди -чисто позади ",null,null,null,"чисто впереди -чисто позади "]
[24,"Финиш. ","Финиш. Яхта финиширует, когда любая часть её корпуса, экипажа или оборудования в их нормальном положении  пересекает финишную линию в направлении от последнего знака или впервые, или после выполнения наказания согласно правилу 44.2, либо после исправления по правилу 28.1 ошибки, сделанной у финишной линии.",24,"Описать стартовую процедуру для буеров"]
[25,"Заинтересованная сторона. ","Заинтересованная сторона. Любое лицо, которое может выиграть либо потерять вследствие решения протестового комитета или явно лично заинтересованное в таком решении.",25,"Описать стартовую процедуру для буеров"]
[26,"Сторониться. ","Сторониться. Яхта сторонится  другой яхты, если та может идти своим курсом без необходимости предпринимать избегающие действия, и когда яхты связаны на одном галсе, если подветренная яхта может изменить курс в любом направлении без немедленного касания наветренной яхты.",26,"По какому Буеру определяется зона 3х длин ?"]
[27,"Подветренная и наветренная. ","Подветренная и наветренная. Подветренная сторона яхты - это сторона, противоположная той, на которую дует ветер, или которая была противоположной до того, как яхта оказалась в положении носом против ветра. Однако, если яхта идет по ветру, и ветер дует со стороны, на которой она несёт свой грот, или чисто в корму, то подветренной стороной считается сторона, на которой находится грот. Другая сторона яхты - наветренная. Когда две яхты находятся на одном и том же галсе и связаны, то подветренной считают ту яхту, которая находится на подветренной стороне другой яхты. Другая яхта является наветренной.",27,"По какому Буеру определяется зона 3х длин ?"]
[28,"Знак. ","Знак. Объект, который гоночная инструкция требует оставлять с предписанной стороны от яхты, и судно гоночного комитета, окруженное свободной водой и от которого проходит стартовая или финишная линия. Якорный канат и любые предметы, случайно или временно присоединенные к знаку, не считаются его частью.",28,"Разрешено ли оспаривать решения судей? "]
[29,"Место у знака. ","Место у знака. Место, нужное яхте, чтобы идти к знаку, и затем место, нужное ей, чтобы идти надлежащим курсом у знака. Однако место у знака не включает место для поворота оверштаг; исключением является ситуация, когда яхта внутренняя и связана с наветренной стороны с яхтой, обязанной предоставить место у знака.   ",29,"Разрешено ли оспаривать решения судей? "]
[30,"Препятствие. ","Препятствие. Объект, который яхта, находясь от него на расстоянии длины своего корпуса и идя прямо на него, не могла бы обойти без существенного изменения курса. Препятствием является также, который можно безопасно пройти только с одной стороны. Гоночная инструкция может предписать, что определенные зоны акватории должны рассматриваться как препятствия. Однако яхта, находящаяся в гонке, не является препятствием для других яхт, если они не должны сторониться её или предоставлять место или место у знака, или избегать ее, согласно правилу 22. Судно на ходу, включая яхту, находящуюся в гонке, никогда не является препятствием большой протяжённости.",30,"Разрешено ли спортсмену снимать защитный шлем между гонками ?"]
[31,"Сторона. ","Сторона. Стороны, участвующие в рассмотрении: протестующая; опротестованная; яхта, требующая исправления результата; яхта или спортсмен, которые могут быть наказаны по правилу 69.1; гоночный комитет или проводящая организация при рассмотрении по правилу 62.1(а).",31,"Разрешено ли спортсмену снимать защитный шлем между гонками ?"]
[32,"Откладывать. ","Откладывать. Отложенной называют гонку, старт которой не будет дан в назначенное время, но которая может быть проведена или прекращена позже.",32,"С какого момента Буер считается стартовавшим?"]
[33,"Надлежащий курс. ","Надлежащий курс. Курс, которым яхта могла бы идти  к финишу как можно быстрее в отсутствии других яхт, о которых идёт речь в правилах, использующих этот термин. Яхта не имеет надлежащего курса до сигнала «Старт открыт» для неё.",33,"С какого момента Буер считается стартовавшим?",null,null,null,"связанность "]
[34,"Протест. ","Протест. Заявление яхты, гоночного комитета или протестового комитета по правилу 61.2 о том, что какая-то яхта нарушила правила.",34,"Что может являться знаком?"]
[35,"Гонка. ","Гонка. Яхта находится в гонке с момента сигнала «Подготовительный» для неё и до тех пор, когда она финишировала и отошла от финишной линии и финишных знаков или вышла из гонки, или когда гонка была отложена или прекращена, или был дан сигнал общего отзыва.",35,"Что называется стартовым судейским местом?"]
[36,"Место. ","Место. Пространство, необходимое яхте для маневрирования без задержки в соответствии с хорошей морской практикой в существующих условиях.",36,"Что такое гонка?"]
[37,"Выполнение наказания","720 и 360 град",37,"Что такое знак?"]
[38,"Старт. ","Старт. Яхта стартует, когда она, будучи полностью на предстартовой стороне стартовой линии в момент или после сигнала \"Старт открыт\" для неё и выполнив, если нужно, требования правила 30.1, пересекает стартовую линию любой частью своего корпуса, экипажа или оборудования в направлении первого знака.",38,"Что такое контрольное время гонки?"]
[39,"Галс, правый галс или левый галс. ","Галс, правый галс или левый галс. Яхта находится на галсе, правом или левом, в соответствии с тем, какая сторона у нее наветренная.",39,"Что такое контрольное время гонки?"]
[40,"Зона. ","Зона. Пространство вокруг знака в пределах трёх длин корпуса яхты, ближайшей к нему. Яхта находится в зоне, если любая часть её корпуса находится в зоне.",40,"Является ли перевернувшийся  Буер препятствием?"]

{"sheet":"Право дороги","index":7,"n_rows":40,"n_cols":3,"rows_kept":40,"cut":false,"hidden":false,"merged":[]}
[1,"Правило 1. Буер, находящийся в движении, должен ________________________________________________________","Буер, находящийся в движении, должен сторониться буера, не имеющего хода."]
[2,"Правило 2. Буер, спускающийся от НАВЕТРЕННОГО (верхнего) ЗНАКА по ветру, должен________________________________","Буер, спускающийся от НАВЕТРЕННОГО (верхнего) ЗНАКА по ветру, должен уступать дорогу буерам, идущим от ПОДВЕТРЕННОГО (нижнего) ЗНАКА против ветра."]
[3,"Правило 3 А. Когда буера идут разными ГАЛСАМИ на ПОЛНОМ КУРСЕ (по ветру) , ТО буер, идущий ЛЕВЫМ ГАЛСОМ, должен _________________________________________________","Когда буера идут разными ГАЛСАМИ на ПОЛНОМ КУРСЕ (по ветру) или на ОСТРОМ КУРСЕ (против ветра), то буер, идущий ЛЕВЫМ ГАЛСОМ, должен уступать дорогу буеру, идущему ПРАВЫМ ГАЛСОМ."]
[4,"Правило 3 В. Когда буера идут разными ГАЛСАМИ на ОСТРОМ КУРСЕ (против ветра), ТО буер, идущий ЛЕВЫМ ГАЛСОМ, должен_______________ __________________________________________________________","Когда буера идут разными ГАЛСАМИ на ПОЛНОМ КУРСЕ (по ветру) или на ОСТРОМ КУРСЕ (против ветра), то буер, идущий ЛЕВЫМ ГАЛСОМ, должен уступать дорогу буеру, идущему ПРАВЫМ ГАЛСОМ."]
[5,"Правило 4 А. Когда буера идут одинаковыми (правым) галсами ОСТРЫМ КУРСОМ (против ветра), ТО НАВЕТРЕННЫЙ буер должен ______________________ ___________________________________________________","Когда буера идут одинаковыми галсами ОСТРЫМ КУРСОМ (против ветра), НАВЕТРЕННЫЙ буер должен уступить дорогу."]
[6,"Правило 4 В. Когда буера идут одинаковыми (левым) галсами ОСТРЫМ КУРСОМ (против ветра), ТО НАВЕТРЕННЫЙ буер должен _____________________ ___________________________________________________","Когда буера идут одинаковыми галсами ОСТРЫМ КУРСОМ (против ветра), НАВЕТРЕННЫЙ буер должен уступить дорогу."]
[7,"Правило 5 А. Буер, имеющий право дороги, не должен _________________________________","Буер, имеющий право дороги, не должен изменить свой курс таким образом, чтобы этим вводить в заблуждение или помешать не имеющему право дорога буеру. "]
[8,"Правило 5 B  Когда буера, идут одним галсом, обгоняющий буер не должен ___________________","Когда буера, идут одним галсом, обгоняющий буер не должен мешать обгоняемому."]
[9,"Правило 6 А. Буер не должен делать поворот фордевинд , если это может __________________________________________","Буер не должен делать поворот фордевинд или оверштаг, если это может вынудить другой буер изменить курс или скорость во избежание столкновения."]
[10,"Правило 6 В. Буер не должен делать поворот оверштаг, если это может ______________________________________________________","Буер не должен делать поворот фордевинд или оверштаг, если это может вынудить другой буер изменить курс или скорость во избежание столкновения."]
[11,"Правило 7. Когда буер, приближаясь к препятствию, не может его пройти без столкновения или создания опасной близости по отношению к другому буеру, ТО шкипер данного буера должен _____________________________________________________. \nЗапрошенный буер должен ____________________________и, если это необходимо сделать _________________________________ \nЗапрашивающий буер также должен ________________________________________","Когда буер, приближаясь к препятствию, не может его пройти без столкновения или создания опасной близости по отношению к другому буеру, шкипер данного буера должен окликом или сигналом руки запросить дорогу или место у другого буера. Запрошенный буер должен немедленно дать место и, если это необходимо сделать поворот ОВЕРШТАГ или ФОРДЕВИНД. Запрашивающий буер также должен немедленно после этого изменить курс."]
[12,"Правило 7. Когда буер, приближаясь к препятствию, не может его пройти без столкновения или создания опасной близости по отношению к другому буеру, ТО шкипер данного буера должен _____________________________________________________. \nЗапрошенный буер должен ____________________________и, если это необходимо сделать _________________________________ \nЗапрашивающий буер также должен ________________________________________","Когда буер, приближаясь к препятствию, не может его пройти без столкновения или создания опасной близости по отношению к другому буеру, шкипер данного буера должен окликом или сигналом руки запросить дорогу или место у другого буера. Запрошенный буер должен немедленно дать место и, если это необходимо сделать поворот ОВЕРШТАГ или ФОРДЕВИНД. Запрашивающий буер также должен немедленно после этого изменить курс."]
[13,"Правило 8 А1. При приближении или огибании буерами верхнего ЗНАКА на остром курсе наружный буер должен ___________________________","При приближении или огибании ЗНАКА наружный буер должен дать место внутреннему для огибания ЗНАКА. "]
[14,"Правило 8 А2. При приближении или огибании буерами верхнего ЗНАКА на остром курсе наружный буер должен ___________________________","При приближении или огибании ЗНАКА наружный буер должен дать место внутреннему для огибания ЗНАКА. "]
[15,"Правило 8. В1При приближении или огибании буерами нижнего ЗНАКА на полном курсе наружный буер должен ___________________________","При приближении или огибании ЗНАКА наружный буер должен дать место внутреннему для огибания ЗНАКА. "]
[16,"Правило 8. В2 При приближении или огибании буерами Нижнего ЗНАКА на полном курсе наружный буер должен ___________________________","При приближении или огибании ЗНАКА наружный буер должен дать место внутреннему для огибания ЗНАКА. "]
[17,"Правило 8 С 1. При приближении или огибании  Верхнего ЗНАКА буер идущий левым галсом не должен мешать буеру идущим  ___________________","При приближении или огибании ЗНАКА наружный буер должен дать место внутреннему для огибания ЗНАКА. Более быстро идущий буер не должен мешать впереди идущему, но более медленному буеру, если тот уже начал маневр для огибания ЗНАКА. Буер, идущий к финишу, должен дать возможность финишировать любому другому буеру."]
[18,"Правило 8 С 1. При приближении или огибании  Нижнего ЗНАКА буер идущий левым галсом не должен мешать буеру идущим  ___________________","При приближении или огибании ЗНАКА наружный буер должен дать место внутреннему для огибания ЗНАКА. Более быстро идущий буер не должен мешать впереди идущему, но более медленному буеру, если тот уже начал маневр для огибания ЗНАКА. Буер, идущий к финишу, должен дать возможность финишировать любому другому буеру."]
[19,"Правило 8 D 1. При приближении или огибании  Верхнего ЗНАКА Более быстро идущий буер не должен мешать __________________","При приближении или огибании ЗНАКА быстро идущий буер не должен мешать впереди идущему, но более медленному буеру, если тот уже начал маневр для огибания ЗНАКА. "]
[20,"Правило 8 D 2. При приближении или огибании Нижнего ЗНАКА Более быстро идущий буер не должен мешать ___________","При приближении или огибании ЗНАКА быстро идущий буер не должен мешать впереди идущему, но более медленному буеру, если тот уже начал маневр для огибания ЗНАКА. "]
[21,"Правило 8. При приближении или огибании ЗНАКА Буер, идущий к финишу, должен дать возможность финишировать ____________________","Буер, идущий к финишу, должен дать возможность финишировать любому другому буеру."]
[22,"Правило 8. При приближении или огибании ЗНАКА Буер, идущий к финишу, должен дать возможность финишировать ____________________","Буер, идущий к финишу, должен дать возможность финишировать любому другому буеру."]
[23,"Правило 1. Буер, находящийся в движении, должен ________________________________________________________","Буер, находящийся в движении, должен сторониться буера, не имеющего хода."]
[24,"Правило 2. Буер, спускающийся от НАВЕТРЕННОГО (верхнего) ЗНАКА по ветру, должен____________________________________________________________________________________________","Буер, спускающийся от НАВЕТРЕННОГО (верхнего) ЗНАКА по ветру, должен уступать дорогу буерам, идущим от ПОДВЕТРЕННОГО (нижнего) ЗНАКА против ветра."]
[25,"Правило 2. Буер, спускающийся от НАВЕТРЕННОГО (верхнего) ЗНАКА по ветру, должен____________________________________________________________________________________________","Буер, спускающийся от НАВЕТРЕННОГО (верхнего) ЗНАКА по ветру, должен уступать дорогу буерам, идущим от ПОДВЕТРЕННОГО (нижнего) ЗНАКА против ветра."]
[26,"8 D 2"]
[27]
[28]
[29]
[30]
[31]
[32]
[33]
[34]
[35]
[36]
[37]
[38]
[39]
[40]

{"sheet":"Управление","index":8,"n_rows":27,"n_cols":5,"rows_kept":27,"cut":false,"hidden":false,"merged":[]}
[1,"Курсы буера относительно ветра: “на ветер”, “по ветру”, левентик. ",null,1,"Что такое курс? Какие бывают курсы Буеров?"]
[2,"Работа парусами, галсом.",null,2,"Что такое галс? Какие бывают галсы?"]
[3," Разгон буера “на ветер”, “по ветру”, остановка и торможение буера. ",null,3,"Какие курсы называются «Полные курсы», а какие «Острые курсы»?"]
[4,"Приведение к ветру и уваливание. ",null,4,"Что такое поворот?"]
[5,"Особенности вождения буера: лёд-двойник, снежные пироги, трещины, торосы",null,5,"Что такое поворот оверштаг?"]
[6,"Особенности вождения буера: наличие на курсе буера людей, предметов на льду, тонкого льда, полыньи.",null,6,"Что такое поворот фордевинд?"]
[7,"Настройка парусов Буера",null,7,"Что такое увалиться?"]
[8,"Лавировка  на волне.  Работа парусов",null,8,"Что такое привестись?"]
[9,"Лавировка в сильный ветер. Работа парусов",null,9,"Что такое правый галс?"]
[10,"Острые курсы: бейдевинд крутой и полный; галфвинд. Полные курсы: бакштаг острый и полный, фордевинд. Положение левентик.",null,10,"10. Что такое левый галс?"]
[11,"Работа на порывах ветра.",null,11,"Что такое лавировка?"]
[12,"Поворот овершта. Составные части поворота. Основные ошибки и их исправления.",null,12,"Особенности управления Буеровой на лавировке?"]
[13,"Ваши действия в очень слабый ветер?",null,13,"Особенности управления Буеровой на полном курсе?"]
[14,"Снег, покрывший лёд толстым слоем",null,14,"Способы выхода из левентика?"]
[15,"Мягкий лёд, растаявший под действиям солнечных лучей или дождя.",null,15,"Что такое ветер?"]
[16,"Наличие снежных наносов – тяжелых пирогов.",null,16,"Что такое течение?"]
[17,"Ваши действия на Двойном льду (двойник)",null,17,"Что такое крен? Его влияние на скорость"]
[18,"Ваши действия в очень сильный  ветер?",null,18,"Что такое Диаметральная Плоскость?"]
[19,"Ваши действия на торосистом льду?",null,19,"Что такое деферент?"]
[20," Разгон буера “на ветер”, “по ветру”, остановка и торможение буера. ",null,20,"Что такое лейнлайн?"]
[null,null,null,null,"21.Истинный и вымпельный ветер"]
[null,null,null,null,"22.Что такое дрейф? Причины дрейфа?"]
[null,null,null,null,"23.Скалинг?"]
[null,null,null,null,"24.Пампинг?"]
[null,null,null,null,"25.Рокинг?"]
[null,null,null,null,"26.Учинг?"]
[null,null,null,null,"27.Бодипампинг?"]

{"sheet":"Навигация","index":9,"n_rows":30,"n_cols":16,"rows_kept":30,"cut":false,"hidden":false,"merged":[]}
[1,"Курсы буера относительно ветра: “на ветер”, “по ветру”, левентик. "]
[2,"Работа парусами, галсом."]
[3," Разгон буера “на ветер”, “по ветру”, остановка и торможение буера. "]
[4,"Приведение к ветру и уваливание. "]
[5,"Особенности вождения буера: лёд-двойник, снежные пироги, трещины, торосы"]
[6,"Особенности вождения буера: наличие на курсе буера людей, предметов на льду, тонкого льда, полыньи."]
[7,"Проверка Буера перед выходом на соответствие правилам класса"]
[8,"Проверка Буера перед выходом на соответствие  закрепленного оборудования и снабжения."]
[9,"Помощь  находящимся в опасности"]
[10,"Районы плавания. Разрешенные акватории тренировок для вашей Буера"]
[11,"Курсы буера относительно ветра: “на ветер”, “по ветру”, левентик. "]
[12,"Работа парусами, галсом."]
[13," Разгон буера “на ветер”, “по ветру”, остановка и торможение буера. "]
[14,"Приведение к ветру и уваливание. "]
[15,"Особенности вождения буера: лёд-двойник, снежные пироги, трещины, торосы"]
[16,"Особенности вождения буера: наличие на курсе буера людей, предметов на льду, тонкого льда, полыньи."]
[17,"Проверка Буера перед выходом на соответствие правилам класса"]
[18,"Проверка Буера перед выходом на соответствие  закрепленного оборудования и снабжения."]
[19,"Помощь  находящимся в опасности"]
[20,"Районы плавания. Разрешенные акватории тренировок для вашей Буера"]
[]
[]
[]
[]
[]
[]
[]
[]
[]
[null,null,null,null,null,null,null,null,null,null,null,null,null,null,null,"Навигация"]

{"sheet":"Практика","index":10,"n_rows":21,"n_cols":2,"rows_kept":21,"cut":false,"hidden":false,"merged":[]}
[1," Выход из гавани буера ."]
[2,"Подход  буера нва стоянку при различных курсах."]
[3,"Выполнение Поворотов оверштаг, фордевинд."]
[4,"Ваши действия Задний ход?"]
[5,"Ваши действия  в ситуации « ВАШ Буер опрокинулся»."]
[6," Выход из гавани буера ."]
[7,"Подход  буера на стоянку при различных курсах."]
[8," Выход из гавани буера ."]
[9,"Подход  буера нва стоянку при различных курсах."]
[10,"Выполнение Поворотов оверштаг, фордевинд."]
[11,"Ваши действия Задний ход?"]
[12,"Ваши действия  в ситуации « ВАШ Буер опрокинулся»."]
[13," Выход из гавани буера ."]
[14,"Подход  буера на стоянку при различных курсах."]
[15," Выход из гавани буера ."]
[16,"Подход  буера нва стоянку при различных курсах."]
[17,"Выполнение Поворотов оверштаг, фордевинд."]
[18,"Ваши действия Задний ход?"]
[19,"Ваши действия  в ситуации « ВАШ Буер опрокинулся»."]
[20," Выход из гавани буера ."]
[null,"Подход  буера на стоянку при различных курсах."]